{"id":10339,"date":"2018-04-12T13:36:05","date_gmt":"2018-04-12T11:36:05","guid":{"rendered":"http:\/\/ferreteriajulia.com\/tienda\/?post_type=product&#038;p=10339"},"modified":"2026-03-18T10:57:26","modified_gmt":"2026-03-18T09:57:26","slug":"placa-senalizacion-puerta-70x70mm","status":"publish","type":"product","link":"https:\/\/ferreteriajulia.com\/tienda\/producto\/placa-senalizacion-puerta-70x70mm\/","title":{"rendered":"placa se\u00f1alizaci\u00f3n puerta 70x70mm"},"content":{"rendered":"<p>placa se\u00f1alizaci\u00f3n puerta 70x70mm<\/p>\n<p>medidas 70mm x 70mm grosor 1.5mm y con adhesivo.<\/p>\n<p>PVC gris metalizado con GRABADO letra negra (larga durabilidad)<\/p>\n<p>Especifique\u00a0 n\u00famero o letra, para otros textos cons\u00faltenos a info@ferreteriajulia.com<\/p>\n<p><strong><span style=\"color: #ff0000;\">RECOGIDAS EN TIENDA 24\/48h <\/span><\/strong><span style=\"color: #ff0000;\">seg\u00fan disponibilidad y<\/span><strong><span style=\"color: #ff0000;\"> PAGO PREVIO DESDE LA WEB<\/span><\/strong> (tarjeta o transferencia) .<\/p>\n<p>&nbsp;<\/p>\n<div class=\"Y3BBE\" data-sfc-cp=\"\" data-sfc-cb=\"\" data-hveid=\"CAEQAA\" data-processed=\"true\">\n<p>Una placa de se\u00f1alizaci\u00f3n de puerta , es un elemento informativo colocado en la puerta o alrededor de las misma. Indica el n\u00famero de puerta. Son de material duradero y se fijan a la pared o puerta mediante adhesivo, complemento ideal en edificios junto las <a href=\"https:\/\/ferreteriajulia.com\/tienda\/producto\/placa-senalizacion-rellano-escalera\/\">placas de se\u00f1alizaci\u00f3n de rellano<\/a>.<span class=\"uJ19be notranslate\" data-wiz-uids=\"HwSI0b_c,HwSI0b_d\" data-sfc-cb=\"\" data-processed=\"true\"><span class=\"vKEkVd\" data-animation-atomic=\"\" data-wiz-attrbind=\"class=HwSI0b_b\/TKHnVd\" data-processed=\"true\"><span aria-hidden=\"true\" data-processed=\"true\">\u00a0<\/span><\/span><\/span><\/p>\n<div class=\"Fwa2Od\" data-animation-skip=\"\" data-sfc-cb=\"\" data-ved=\"2ahUKEwj-_-Kb6ZKTAxWRSaQEHX0mA0EQ3s0SegQIARAD\" data-processed=\"true\"><span class=\"wJwe6c\" data-processed=\"true\"><span class=\"IjM6od\" data-processed=\"true\">\u00a0<\/span><\/span><\/div>\n<\/div>\n<div class=\"Y3BBE\" data-sfc-cp=\"\" data-sfc-cb=\"\" data-hveid=\"CAIQAA\" data-processed=\"true\"><strong class=\"Yjhzub\" data-sfc-cb=\"\" data-processed=\"true\">Caracter\u00edsticas y usos principales de placa se\u00f1alizaci\u00f3n puerta 70x70mm :<\/strong><\/div>\n<ul class=\"KsbFXc U6u95 Lem6n\" data-sfc-cb=\"\" data-processed=\"true\">\n<li class=\"dF3vjf\" data-sfc-cb=\"\" data-hveid=\"CAMQAA\" data-processed=\"true\"><span class=\"T286Pc\" data-sfc-cp=\"\" data-sfc-cb=\"\" data-processed=\"true\"><strong class=\"Yjhzub\" data-sfc-cb=\"\" data-processed=\"true\"><span class=\"N9Q8Lc\">Identificaci\u00f3n de puerta:<\/span><\/strong><span class=\"N9Q8Lc\"> Identifican claramente qu\u00e9 puerta corresponde.<\/span><\/span><\/li>\n<li class=\"dF3vjf\" data-sfc-cb=\"\" data-hveid=\"CAMQAQ\" data-processed=\"true\"><span class=\"T286Pc\" data-sfc-cp=\"\" data-sfc-cb=\"\" data-processed=\"true\"><strong class=\"Yjhzub\" data-sfc-cb=\"\" data-processed=\"true\"><span class=\"N9Q8Lc\">Materiales y Est\u00e9tica:<\/span><\/strong><span class=\"N9Q8Lc\"> Se fabrican en PVC, con dise\u00f1os grabados que aportan durabilidad y visibilidad.<\/span><\/span><\/li>\n<li class=\"dF3vjf\" data-sfc-cb=\"\" data-hveid=\"CAMQAw\" data-processed=\"true\"><span class=\"T286Pc\" data-sfc-cp=\"\" data-sfc-cb=\"\" data-processed=\"true\"><strong class=\"Yjhzub\" data-sfc-cb=\"\" data-processed=\"true\"><span class=\"N9Q8Lc\">Ubicaci\u00f3n:<\/span><\/strong><span class=\"N9Q8Lc\"> Deben colocarse en lugares visibles y estrat\u00e9gicos para facilitar la r\u00e1pida identificaci\u00f3n de la puerta.<\/span><\/span><\/li>\n<\/ul>\n<p>Complementa se\u00f1alizaci\u00f3n del edificio con nuestras placas de rellano:<\/p>\n<p>&nbsp;<\/p>\n<blockquote class=\"wp-embedded-content\" data-secret=\"Vkpcbp1BEW\"><p><a href=\"https:\/\/ferreteriajulia.com\/tienda\/producto\/placa-senalizacion-rellano-escalera\/\">placa se\u00f1alizaci\u00f3n rellano escalera<\/a><\/p><\/blockquote>\n<p><iframe loading=\"lazy\" class=\"wp-embedded-content\" sandbox=\"allow-scripts\" security=\"restricted\" style=\"position: absolute; visibility: hidden;\" title=\"\u00abplaca se\u00f1alizaci\u00f3n rellano escalera\u00bb \u2014 Ferreter\u00eda Juli\u00e0\" src=\"https:\/\/ferreteriajulia.com\/tienda\/producto\/placa-senalizacion-rellano-escalera\/embed\/#?secret=LUn4WTUdZC#?secret=Vkpcbp1BEW\" data-secret=\"Vkpcbp1BEW\" width=\"600\" height=\"338\" frameborder=\"0\" marginwidth=\"0\" marginheight=\"0\" scrolling=\"no\"><\/iframe><\/p>\n","protected":false},"excerpt":{"rendered":"<p>placa se\u00f1alizaci\u00f3n puerta 70x70mm<\/p>\n","protected":false},"featured_media":20812,"template":"","meta":{"_monsterinsights_skip_tracking":false,"_monsterinsights_sitenote_active":false,"_monsterinsights_sitenote_note":"","_monsterinsights_sitenote_category":0},"product_brand":[],"product_cat":[683],"product_tag":[526],"class_list":{"0":"post-10339","1":"product","2":"type-product","3":"status-publish","4":"has-post-thumbnail","6":"product_cat-senalizacion-grabada","7":"product_tag-consulte-disponibilidad","9":"first","10":"onbackorder","11":"taxable","12":"shipping-taxable","13":"purchasable","14":"product-type-simple"},"yoast_head":"<!-- This site is optimized with the Yoast SEO plugin v27.4 - https:\/\/yoast.com\/product\/yoast-seo-wordpress\/ -->\n<title>placa se\u00f1alizaci\u00f3n puerta 70x70mm - Ferreter\u00eda Juli\u00e0<\/title>\n<meta name=\"description\" content=\"placa se\u00f1alizaci\u00f3n puerta 70x70mm - Ferreter\u00eda Juli\u00e0 - Ferreter\u00eda en Barcelona y venta On-line desde 2014 - telf.933 59 84 12 - info@ferreteriajulia.com - Gran variedad de productos\" \/>\n<meta name=\"robots\" content=\"index, follow, max-snippet:-1, max-image-preview:large, max-video-preview:-1\" \/>\n<link rel=\"canonical\" href=\"https:\/\/ferreteriajulia.com\/tienda\/producto\/placa-senalizacion-puerta-70x70mm\/\" \/>\n<meta property=\"og:locale\" content=\"es_ES\" \/>\n<meta property=\"og:type\" content=\"article\" \/>\n<meta property=\"og:title\" content=\"placa se\u00f1alizaci\u00f3n puerta 70x70mm - Ferreter\u00eda Juli\u00e0\" \/>\n<meta property=\"og:description\" content=\"placa se\u00f1alizaci\u00f3n puerta 70x70mm - Ferreter\u00eda Juli\u00e0 - Ferreter\u00eda en Barcelona y venta On-line desde 2014 - telf.933 59 84 12 - info@ferreteriajulia.com - Gran variedad de productos\" \/>\n<meta property=\"og:url\" content=\"https:\/\/ferreteriajulia.com\/tienda\/producto\/placa-senalizacion-puerta-70x70mm\/\" \/>\n<meta property=\"og:site_name\" content=\"Ferreter\u00eda Juli\u00e0\" \/>\n<meta property=\"article:modified_time\" content=\"2026-03-18T09:57:26+00:00\" \/>\n<meta property=\"og:image\" content=\"https:\/\/ferreteriajulia.com\/tienda\/wp-content\/uploads\/2018\/11\/numeros-grabados-adhesivos.jpg\" \/>\n\t<meta property=\"og:image:width\" content=\"1621\" \/>\n\t<meta property=\"og:image:height\" content=\"1489\" \/>\n\t<meta property=\"og:image:type\" content=\"image\/jpeg\" \/>\n<meta name=\"twitter:card\" content=\"summary_large_image\" \/>\n<meta name=\"twitter:label1\" content=\"Tiempo de lectura\" \/>\n\t<meta name=\"twitter:data1\" content=\"1 minuto\" \/>\n<script type=\"application\/ld+json\" class=\"yoast-schema-graph\">{\"@context\":\"https:\\\/\\\/schema.org\",\"@graph\":[{\"@type\":\"WebPage\",\"@id\":\"https:\\\/\\\/ferreteriajulia.com\\\/tienda\\\/producto\\\/placa-senalizacion-puerta-70x70mm\\\/\",\"url\":\"https:\\\/\\\/ferreteriajulia.com\\\/tienda\\\/producto\\\/placa-senalizacion-puerta-70x70mm\\\/\",\"name\":\"placa se\u00f1alizaci\u00f3n puerta 70x70mm - Ferreter\u00eda Juli\u00e0\",\"isPartOf\":{\"@id\":\"http:\\\/\\\/ferreteriajulia.com\\\/tienda\\\/#website\"},\"primaryImageOfPage\":{\"@id\":\"https:\\\/\\\/ferreteriajulia.com\\\/tienda\\\/producto\\\/placa-senalizacion-puerta-70x70mm\\\/#primaryimage\"},\"image\":{\"@id\":\"https:\\\/\\\/ferreteriajulia.com\\\/tienda\\\/producto\\\/placa-senalizacion-puerta-70x70mm\\\/#primaryimage\"},\"thumbnailUrl\":\"https:\\\/\\\/ferreteriajulia.com\\\/tienda\\\/wp-content\\\/uploads\\\/2018\\\/11\\\/numeros-grabados-adhesivos.jpg\",\"datePublished\":\"2018-04-12T11:36:05+00:00\",\"dateModified\":\"2026-03-18T09:57:26+00:00\",\"description\":\"placa se\u00f1alizaci\u00f3n puerta 70x70mm - Ferreter\u00eda Juli\u00e0 - Ferreter\u00eda en Barcelona y venta On-line desde 2014 - telf.933 59 84 12 - info@ferreteriajulia.com - Gran variedad de productos\",\"breadcrumb\":{\"@id\":\"https:\\\/\\\/ferreteriajulia.com\\\/tienda\\\/producto\\\/placa-senalizacion-puerta-70x70mm\\\/#breadcrumb\"},\"inLanguage\":\"es\",\"potentialAction\":[{\"@type\":\"ReadAction\",\"target\":[\"https:\\\/\\\/ferreteriajulia.com\\\/tienda\\\/producto\\\/placa-senalizacion-puerta-70x70mm\\\/\"]}]},{\"@type\":\"ImageObject\",\"inLanguage\":\"es\",\"@id\":\"https:\\\/\\\/ferreteriajulia.com\\\/tienda\\\/producto\\\/placa-senalizacion-puerta-70x70mm\\\/#primaryimage\",\"url\":\"https:\\\/\\\/ferreteriajulia.com\\\/tienda\\\/wp-content\\\/uploads\\\/2018\\\/11\\\/numeros-grabados-adhesivos.jpg\",\"contentUrl\":\"https:\\\/\\\/ferreteriajulia.com\\\/tienda\\\/wp-content\\\/uploads\\\/2018\\\/11\\\/numeros-grabados-adhesivos.jpg\",\"width\":1621,\"height\":1489},{\"@type\":\"BreadcrumbList\",\"@id\":\"https:\\\/\\\/ferreteriajulia.com\\\/tienda\\\/producto\\\/placa-senalizacion-puerta-70x70mm\\\/#breadcrumb\",\"itemListElement\":[{\"@type\":\"ListItem\",\"position\":1,\"name\":\"Portada\",\"item\":\"http:\\\/\\\/ferreteriajulia.com\\\/tienda\\\/\"},{\"@type\":\"ListItem\",\"position\":2,\"name\":\"Tienda online\",\"item\":\"http:\\\/\\\/ferreteriajulia.com\\\/tienda\\\/shop\\\/\"},{\"@type\":\"ListItem\",\"position\":3,\"name\":\"placa se\u00f1alizaci\u00f3n puerta 70x70mm\"}]},{\"@type\":\"WebSite\",\"@id\":\"http:\\\/\\\/ferreteriajulia.com\\\/tienda\\\/#website\",\"url\":\"http:\\\/\\\/ferreteriajulia.com\\\/tienda\\\/\",\"name\":\"Ferreter\u00eda Juli\u00e0\",\"description\":\"Ferreter\u00eda generalista, material para intalaciones y reparaciones.\",\"publisher\":{\"@id\":\"http:\\\/\\\/ferreteriajulia.com\\\/tienda\\\/#organization\"},\"potentialAction\":[{\"@type\":\"SearchAction\",\"target\":{\"@type\":\"EntryPoint\",\"urlTemplate\":\"http:\\\/\\\/ferreteriajulia.com\\\/tienda\\\/?s={search_term_string}\"},\"query-input\":{\"@type\":\"PropertyValueSpecification\",\"valueRequired\":true,\"valueName\":\"search_term_string\"}}],\"inLanguage\":\"es\"},{\"@type\":\"Organization\",\"@id\":\"http:\\\/\\\/ferreteriajulia.com\\\/tienda\\\/#organization\",\"name\":\"Ferreter\u00eda Juli\u00e0\",\"url\":\"http:\\\/\\\/ferreteriajulia.com\\\/tienda\\\/\",\"logo\":{\"@type\":\"ImageObject\",\"inLanguage\":\"es\",\"@id\":\"http:\\\/\\\/ferreteriajulia.com\\\/tienda\\\/#\\\/schema\\\/logo\\\/image\\\/\",\"url\":\"https:\\\/\\\/ferreteriajulia.com\\\/tienda\\\/wp-content\\\/uploads\\\/2023\\\/04\\\/LOGO_Ferreteria_Julia_HD-e1680625558319.png\",\"contentUrl\":\"https:\\\/\\\/ferreteriajulia.com\\\/tienda\\\/wp-content\\\/uploads\\\/2023\\\/04\\\/LOGO_Ferreteria_Julia_HD-e1680625558319.png\",\"width\":240,\"height\":89,\"caption\":\"Ferreter\u00eda Juli\u00e0\"},\"image\":{\"@id\":\"http:\\\/\\\/ferreteriajulia.com\\\/tienda\\\/#\\\/schema\\\/logo\\\/image\\\/\"}}]}<\/script>\n<!-- \/ Yoast SEO plugin. -->","yoast_head_json":{"title":"placa se\u00f1alizaci\u00f3n puerta 70x70mm - Ferreter\u00eda Juli\u00e0","description":"placa se\u00f1alizaci\u00f3n puerta 70x70mm - Ferreter\u00eda Juli\u00e0 - Ferreter\u00eda en Barcelona y venta On-line desde 2014 - telf.933 59 84 12 - info@ferreteriajulia.com - Gran variedad de productos","robots":{"index":"index","follow":"follow","max-snippet":"max-snippet:-1","max-image-preview":"max-image-preview:large","max-video-preview":"max-video-preview:-1"},"canonical":"https:\/\/ferreteriajulia.com\/tienda\/producto\/placa-senalizacion-puerta-70x70mm\/","og_locale":"es_ES","og_type":"article","og_title":"placa se\u00f1alizaci\u00f3n puerta 70x70mm - Ferreter\u00eda Juli\u00e0","og_description":"placa se\u00f1alizaci\u00f3n puerta 70x70mm - Ferreter\u00eda Juli\u00e0 - Ferreter\u00eda en Barcelona y venta On-line desde 2014 - telf.933 59 84 12 - info@ferreteriajulia.com - Gran variedad de productos","og_url":"https:\/\/ferreteriajulia.com\/tienda\/producto\/placa-senalizacion-puerta-70x70mm\/","og_site_name":"Ferreter\u00eda Juli\u00e0","article_modified_time":"2026-03-18T09:57:26+00:00","og_image":[{"width":1621,"height":1489,"url":"https:\/\/ferreteriajulia.com\/tienda\/wp-content\/uploads\/2018\/11\/numeros-grabados-adhesivos.jpg","type":"image\/jpeg"}],"twitter_card":"summary_large_image","twitter_misc":{"Tiempo de lectura":"1 minuto"},"schema":{"@context":"https:\/\/schema.org","@graph":[{"@type":"WebPage","@id":"https:\/\/ferreteriajulia.com\/tienda\/producto\/placa-senalizacion-puerta-70x70mm\/","url":"https:\/\/ferreteriajulia.com\/tienda\/producto\/placa-senalizacion-puerta-70x70mm\/","name":"placa se\u00f1alizaci\u00f3n puerta 70x70mm - Ferreter\u00eda Juli\u00e0","isPartOf":{"@id":"http:\/\/ferreteriajulia.com\/tienda\/#website"},"primaryImageOfPage":{"@id":"https:\/\/ferreteriajulia.com\/tienda\/producto\/placa-senalizacion-puerta-70x70mm\/#primaryimage"},"image":{"@id":"https:\/\/ferreteriajulia.com\/tienda\/producto\/placa-senalizacion-puerta-70x70mm\/#primaryimage"},"thumbnailUrl":"https:\/\/ferreteriajulia.com\/tienda\/wp-content\/uploads\/2018\/11\/numeros-grabados-adhesivos.jpg","datePublished":"2018-04-12T11:36:05+00:00","dateModified":"2026-03-18T09:57:26+00:00","description":"placa se\u00f1alizaci\u00f3n puerta 70x70mm - Ferreter\u00eda Juli\u00e0 - Ferreter\u00eda en Barcelona y venta On-line desde 2014 - telf.933 59 84 12 - info@ferreteriajulia.com - Gran variedad de productos","breadcrumb":{"@id":"https:\/\/ferreteriajulia.com\/tienda\/producto\/placa-senalizacion-puerta-70x70mm\/#breadcrumb"},"inLanguage":"es","potentialAction":[{"@type":"ReadAction","target":["https:\/\/ferreteriajulia.com\/tienda\/producto\/placa-senalizacion-puerta-70x70mm\/"]}]},{"@type":"ImageObject","inLanguage":"es","@id":"https:\/\/ferreteriajulia.com\/tienda\/producto\/placa-senalizacion-puerta-70x70mm\/#primaryimage","url":"https:\/\/ferreteriajulia.com\/tienda\/wp-content\/uploads\/2018\/11\/numeros-grabados-adhesivos.jpg","contentUrl":"https:\/\/ferreteriajulia.com\/tienda\/wp-content\/uploads\/2018\/11\/numeros-grabados-adhesivos.jpg","width":1621,"height":1489},{"@type":"BreadcrumbList","@id":"https:\/\/ferreteriajulia.com\/tienda\/producto\/placa-senalizacion-puerta-70x70mm\/#breadcrumb","itemListElement":[{"@type":"ListItem","position":1,"name":"Portada","item":"http:\/\/ferreteriajulia.com\/tienda\/"},{"@type":"ListItem","position":2,"name":"Tienda online","item":"http:\/\/ferreteriajulia.com\/tienda\/shop\/"},{"@type":"ListItem","position":3,"name":"placa se\u00f1alizaci\u00f3n puerta 70x70mm"}]},{"@type":"WebSite","@id":"http:\/\/ferreteriajulia.com\/tienda\/#website","url":"http:\/\/ferreteriajulia.com\/tienda\/","name":"Ferreter\u00eda Juli\u00e0","description":"Ferreter\u00eda generalista, material para intalaciones y reparaciones.","publisher":{"@id":"http:\/\/ferreteriajulia.com\/tienda\/#organization"},"potentialAction":[{"@type":"SearchAction","target":{"@type":"EntryPoint","urlTemplate":"http:\/\/ferreteriajulia.com\/tienda\/?s={search_term_string}"},"query-input":{"@type":"PropertyValueSpecification","valueRequired":true,"valueName":"search_term_string"}}],"inLanguage":"es"},{"@type":"Organization","@id":"http:\/\/ferreteriajulia.com\/tienda\/#organization","name":"Ferreter\u00eda Juli\u00e0","url":"http:\/\/ferreteriajulia.com\/tienda\/","logo":{"@type":"ImageObject","inLanguage":"es","@id":"http:\/\/ferreteriajulia.com\/tienda\/#\/schema\/logo\/image\/","url":"https:\/\/ferreteriajulia.com\/tienda\/wp-content\/uploads\/2023\/04\/LOGO_Ferreteria_Julia_HD-e1680625558319.png","contentUrl":"https:\/\/ferreteriajulia.com\/tienda\/wp-content\/uploads\/2023\/04\/LOGO_Ferreteria_Julia_HD-e1680625558319.png","width":240,"height":89,"caption":"Ferreter\u00eda Juli\u00e0"},"image":{"@id":"http:\/\/ferreteriajulia.com\/tienda\/#\/schema\/logo\/image\/"}}]}},"_links":{"self":[{"href":"https:\/\/ferreteriajulia.com\/tienda\/wp-json\/wp\/v2\/product\/10339","targetHints":{"allow":["GET"]}}],"collection":[{"href":"https:\/\/ferreteriajulia.com\/tienda\/wp-json\/wp\/v2\/product"}],"about":[{"href":"https:\/\/ferreteriajulia.com\/tienda\/wp-json\/wp\/v2\/types\/product"}],"wp:featuredmedia":[{"embeddable":true,"href":"https:\/\/ferreteriajulia.com\/tienda\/wp-json\/wp\/v2\/media\/20812"}],"wp:attachment":[{"href":"https:\/\/ferreteriajulia.com\/tienda\/wp-json\/wp\/v2\/media?parent=10339"}],"wp:term":[{"taxonomy":"product_brand","embeddable":true,"href":"https:\/\/ferreteriajulia.com\/tienda\/wp-json\/wp\/v2\/product_brand?post=10339"},{"taxonomy":"product_cat","embeddable":true,"href":"https:\/\/ferreteriajulia.com\/tienda\/wp-json\/wp\/v2\/product_cat?post=10339"},{"taxonomy":"product_tag","embeddable":true,"href":"https:\/\/ferreteriajulia.com\/tienda\/wp-json\/wp\/v2\/product_tag?post=10339"}],"curies":[{"name":"wp","href":"https:\/\/api.w.org\/{rel}","templated":true}]}}