{"id":10771,"date":"2018-11-21T09:31:03","date_gmt":"2018-11-21T09:31:03","guid":{"rendered":"http:\/\/ferreteriajulia.com\/tienda\/?post_type=product&#038;p=10771"},"modified":"2026-03-09T13:39:00","modified_gmt":"2026-03-09T12:39:00","slug":"placa-senyalitzacio-repla-comunitats","status":"publish","type":"product","link":"https:\/\/ferreteriajulia.com\/tienda\/producto\/placa-senyalitzacio-repla-comunitats\/","title":{"rendered":"placa senyalitzaci\u00f3 repl\u00e0 comunitats"},"content":{"rendered":"<p>placa senyalitzaci\u00f3 repl\u00e0 comunitats<\/p>\n<p>mides 280mm x 70mm gruix 1.5mm<\/p>\n<p>PVC gris metal\u00b7litzat amb GRAVAT lletra negra (llarga durabilitat), si vol un altre color consulti a info@ferreteriajulia.com<\/p>\n<p>Especifiqui pis al men\u00fa de la dreta, per altres texts pregunti&#8217;ns\u00a0 a info@ferreteriajulia.com<\/p>\n<p>Trii amb adhesiu incorporat o amb dos forats (lliurem cargols, tacs i embellidors niquelats).<\/p>\n<p><strong><span style=\"color: #ff0000;\">RECO<\/span><\/strong><strong><span style=\"color: #ff0000;\">LLIDES A BOTIGA 24\/48h SEGONS QUANTITAT,\u00a0 PAGAMENT PREVI DESDE LA WEB<\/span><\/strong> (targeta o plataforma PayPal)<\/p>\n<p>\u00c9s administrador o president de la comunitat? Si vol podem activar la opci\u00f3 de pagament per transfer\u00e8cia bancaria.<\/p>\n<h3 id=\"tw-target-text\" class=\"tw-data-text tw-text-large tw-ta\" dir=\"ltr\" tabindex=\"-1\" role=\"text\" data-placeholder=\"Traducci\u00f3\" data-ved=\"2ahUKEwjOkIqy6pKTAxXGif0HHd8KASoQ3ewLegQIDBAW\" aria-label=\"Text tradu\u00eft: Caracter\u00edstiques i Usos Principals:\nIdentificaci\u00f3 de Planta\/Pis:\u00a0Identifiquen clarament en quin nivell de l'edifici es troba la persona (ex. &quot;Planta 1&quot;, &quot;Pis 2n A-B&quot;).\nSenyalitzaci\u00f3 de seguretat: ajuden a l'orientaci\u00f3 en situacions d'emerg\u00e8ncia, indicant la ubicaci\u00f3 d'escales.\nMaterials i Est\u00e8tica: Es fabriquen en PVC, amb dissenys gravats que aporten durabilitat i visibilitat.\nUbicaci\u00f3: Han de col\u00b7locar-se en llocs visibles i estrat\u00e8gics als descansets per facilitar la r\u00e0pida identificaci\u00f3 del pis.\"><span class=\"Y2IQFc\" lang=\"ca\">Caracter\u00edstiques i Usos Principals placa senyalitzaci\u00f3 repl\u00e0 comunitats :<\/span><\/h3>\n<p class=\"tw-data-text tw-text-large tw-ta\" dir=\"ltr\" tabindex=\"-1\" role=\"text\" data-placeholder=\"Traducci\u00f3\" data-ved=\"2ahUKEwjOkIqy6pKTAxXGif0HHd8KASoQ3ewLegQIDBAW\" aria-label=\"Text tradu\u00eft: Caracter\u00edstiques i Usos Principals:\nIdentificaci\u00f3 de Planta\/Pis:\u00a0Identifiquen clarament en quin nivell de l'edifici es troba la persona (ex. &quot;Planta 1&quot;, &quot;Pis 2n A-B&quot;).\nSenyalitzaci\u00f3 de seguretat: ajuden a l'orientaci\u00f3 en situacions d'emerg\u00e8ncia, indicant la ubicaci\u00f3 d'escales.\nMaterials i Est\u00e8tica: Es fabriquen en PVC, amb dissenys gravats que aporten durabilitat i visibilitat.\nUbicaci\u00f3: Han de col\u00b7locar-se en llocs visibles i estrat\u00e8gics als descansets per facilitar la r\u00e0pida identificaci\u00f3 del pis.\"><span class=\"Y2IQFc\" lang=\"ca\">Identificaci\u00f3 de Planta\/Pis:\u00a0Identifiquen clarament en quin nivell de l&#8217;edifici es troba la persona (ex. \u00abPlanta 1\u00bb, \u00abPis 2n A-B\u00bb). <\/span><\/p>\n<p class=\"tw-data-text tw-text-large tw-ta\" dir=\"ltr\" tabindex=\"-1\" role=\"text\" data-placeholder=\"Traducci\u00f3\" data-ved=\"2ahUKEwjOkIqy6pKTAxXGif0HHd8KASoQ3ewLegQIDBAW\" aria-label=\"Text tradu\u00eft: Caracter\u00edstiques i Usos Principals:\nIdentificaci\u00f3 de Planta\/Pis:\u00a0Identifiquen clarament en quin nivell de l'edifici es troba la persona (ex. &quot;Planta 1&quot;, &quot;Pis 2n A-B&quot;).\nSenyalitzaci\u00f3 de seguretat: ajuden a l'orientaci\u00f3 en situacions d'emerg\u00e8ncia, indicant la ubicaci\u00f3 d'escales.\nMaterials i Est\u00e8tica: Es fabriquen en PVC, amb dissenys gravats que aporten durabilitat i visibilitat.\nUbicaci\u00f3: Han de col\u00b7locar-se en llocs visibles i estrat\u00e8gics als descansets per facilitar la r\u00e0pida identificaci\u00f3 del pis.\"><span class=\"Y2IQFc\" lang=\"ca\">Senyalitzaci\u00f3 de seguretat: ajuden a l&#8217;orientaci\u00f3 en situacions d&#8217;emerg\u00e8ncia, indicant la ubicaci\u00f3 d&#8217;escales. <\/span><\/p>\n<p class=\"tw-data-text tw-text-large tw-ta\" dir=\"ltr\" tabindex=\"-1\" role=\"text\" data-placeholder=\"Traducci\u00f3\" data-ved=\"2ahUKEwjOkIqy6pKTAxXGif0HHd8KASoQ3ewLegQIDBAW\" aria-label=\"Text tradu\u00eft: Caracter\u00edstiques i Usos Principals:\nIdentificaci\u00f3 de Planta\/Pis:\u00a0Identifiquen clarament en quin nivell de l'edifici es troba la persona (ex. &quot;Planta 1&quot;, &quot;Pis 2n A-B&quot;).\nSenyalitzaci\u00f3 de seguretat: ajuden a l'orientaci\u00f3 en situacions d'emerg\u00e8ncia, indicant la ubicaci\u00f3 d'escales.\nMaterials i Est\u00e8tica: Es fabriquen en PVC, amb dissenys gravats que aporten durabilitat i visibilitat.\nUbicaci\u00f3: Han de col\u00b7locar-se en llocs visibles i estrat\u00e8gics als descansets per facilitar la r\u00e0pida identificaci\u00f3 del pis.\"><span class=\"Y2IQFc\" lang=\"ca\">Materials i Est\u00e8tica: Es fabriquen en PVC, amb dissenys gravats que aporten durabilitat i visibilitat. <\/span><\/p>\n<p class=\"tw-data-text tw-text-large tw-ta\" dir=\"ltr\" tabindex=\"-1\" role=\"text\" data-placeholder=\"Traducci\u00f3\" data-ved=\"2ahUKEwjOkIqy6pKTAxXGif0HHd8KASoQ3ewLegQIDBAW\" aria-label=\"Text tradu\u00eft: Caracter\u00edstiques i Usos Principals:\nIdentificaci\u00f3 de Planta\/Pis:\u00a0Identifiquen clarament en quin nivell de l'edifici es troba la persona (ex. &quot;Planta 1&quot;, &quot;Pis 2n A-B&quot;).\nSenyalitzaci\u00f3 de seguretat: ajuden a l'orientaci\u00f3 en situacions d'emerg\u00e8ncia, indicant la ubicaci\u00f3 d'escales.\nMaterials i Est\u00e8tica: Es fabriquen en PVC, amb dissenys gravats que aporten durabilitat i visibilitat.\nUbicaci\u00f3: Han de col\u00b7locar-se en llocs visibles i estrat\u00e8gics als descansets per facilitar la r\u00e0pida identificaci\u00f3 del pis.\"><span class=\"Y2IQFc\" lang=\"ca\">Ubicaci\u00f3: Han de col\u00b7locar-se en llocs visibles i estrat\u00e8gics als descansets per facilitar la r\u00e0pida identificaci\u00f3 del pis.<\/span><\/p>\n<p dir=\"ltr\" tabindex=\"-1\" role=\"text\" data-placeholder=\"Traducci\u00f3\" data-ved=\"2ahUKEwjOkIqy6pKTAxXGif0HHd8KASoQ3ewLegQIDBAW\" aria-label=\"Text tradu\u00eft: Caracter\u00edstiques i Usos Principals:\nIdentificaci\u00f3 de Planta\/Pis:\u00a0Identifiquen clarament en quin nivell de l'edifici es troba la persona (ex. &quot;Planta 1&quot;, &quot;Pis 2n A-B&quot;).\nSenyalitzaci\u00f3 de seguretat: ajuden a l'orientaci\u00f3 en situacions d'emerg\u00e8ncia, indicant la ubicaci\u00f3 d'escales.\nMaterials i Est\u00e8tica: Es fabriquen en PVC, amb dissenys gravats que aporten durabilitat i visibilitat.\nUbicaci\u00f3: Han de col\u00b7locar-se en llocs visibles i estrat\u00e8gics als descansets per facilitar la r\u00e0pida identificaci\u00f3 del pis.\">tamb\u00e9 tenim numeraci\u00f3 per portes:<\/p>\n<blockquote class=\"wp-embedded-content\" data-secret=\"PLLg1EzTAk\"><p><a href=\"https:\/\/ferreteriajulia.com\/tienda\/producto\/placa-senalizacion-puerta\/\">placa se\u00f1alizaci\u00f3n puerta 70x70mm<\/a><\/p><\/blockquote>\n<p><iframe loading=\"lazy\" class=\"wp-embedded-content\" sandbox=\"allow-scripts\" security=\"restricted\" style=\"position: absolute; visibility: hidden;\" title=\"\u00abplaca se\u00f1alizaci\u00f3n puerta 70x70mm\u00bb \u2014 Ferreter\u00eda Juli\u00e0\" src=\"https:\/\/ferreteriajulia.com\/tienda\/producto\/placa-senalizacion-puerta\/embed\/#?secret=D2RwijwOWK#?secret=PLLg1EzTAk\" data-secret=\"PLLg1EzTAk\" width=\"600\" height=\"338\" frameborder=\"0\" marginwidth=\"0\" marginheight=\"0\" scrolling=\"no\"><\/iframe><\/p>\n<p>&nbsp;<\/p>\n<p>&nbsp;<\/p>\n","protected":false},"excerpt":{"rendered":"<p>placa senyalitzaci\u00f3 repl\u00e0 comunitats<\/p>\n<p>mides 280mm x 70mm gruix 1.5mm<\/p>\n<p>PVC gris metal\u00b7litzat amb GRAVAT lletra negra (llarga durabilitat), si vol un altre color consulti a info@ferreteriajulia.com<\/p>\n<p>Especifiqui pis al men\u00fa de la dreta, per altres texts pregunti&#8217;ns\u00a0 a info@ferreteriajulia.com<\/p>\n<p>Trii amb adhesiu incorporat o amb dos forats (lliurem cargols, tacs i embellidors niquelats).<\/p>\n<p><strong><span style=\"color: #ff0000;\">RECO<\/span><\/strong><strong><span style=\"color: #ff0000;\">LLIDES A BOTIGA 24\/48h SEGONS QUANTITAT,\u00a0 PAGAMENT PREVI DESDE LA WEB<\/span><\/strong> (targeta o plataforma PayPal)<\/p>\n<p>\u00c9s administrador o president de la comunitat? Si vol podem activar la opci\u00f3 de pagament per transfer\u00e8cia bancaria.<\/p>\n","protected":false},"featured_media":20813,"template":"","meta":{"_monsterinsights_skip_tracking":false,"_monsterinsights_sitenote_active":false,"_monsterinsights_sitenote_note":"","_monsterinsights_sitenote_category":0},"product_brand":[],"product_cat":[683],"product_tag":[526],"class_list":{"0":"post-10771","1":"product","2":"type-product","3":"status-publish","4":"has-post-thumbnail","6":"product_cat-senalizacion-grabada","7":"product_tag-consulte-disponibilidad","9":"first","10":"onbackorder","11":"taxable","12":"shipping-taxable","13":"purchasable","14":"product-type-simple"},"yoast_head":"<!-- This site is optimized with the Yoast SEO plugin v27.4 - https:\/\/yoast.com\/product\/yoast-seo-wordpress\/ -->\n<title>placa senyalitzaci\u00f3 repl\u00e0 comunitats - Ferreter\u00eda Juli\u00e0<\/title>\n<meta name=\"description\" content=\"placa senyalitzaci\u00f3 repl\u00e0 comunitats - Ferreter\u00eda Juli\u00e0 - Ferreter\u00eda Barcelona - 933 59 84 12 - info@ferreteriajulia.com - Gran variedad de productos\" \/>\n<meta name=\"robots\" content=\"index, follow, max-snippet:-1, max-image-preview:large, max-video-preview:-1\" \/>\n<link rel=\"canonical\" href=\"https:\/\/ferreteriajulia.com\/tienda\/producto\/placa-senyalitzacio-repla-comunitats\/\" \/>\n<meta property=\"og:locale\" content=\"es_ES\" \/>\n<meta property=\"og:type\" content=\"article\" \/>\n<meta property=\"og:title\" content=\"placa senyalitzaci\u00f3 repl\u00e0 comunitats - Ferreter\u00eda Juli\u00e0\" \/>\n<meta property=\"og:description\" content=\"placa senyalitzaci\u00f3 repl\u00e0 comunitats - Ferreter\u00eda Juli\u00e0 - Ferreter\u00eda Barcelona - 933 59 84 12 - info@ferreteriajulia.com - Gran variedad de productos\" \/>\n<meta property=\"og:url\" content=\"https:\/\/ferreteriajulia.com\/tienda\/producto\/placa-senyalitzacio-repla-comunitats\/\" \/>\n<meta property=\"og:site_name\" content=\"Ferreter\u00eda Juli\u00e0\" \/>\n<meta property=\"article:modified_time\" content=\"2026-03-09T12:39:00+00:00\" \/>\n<meta property=\"og:image\" content=\"https:\/\/ferreteriajulia.com\/tienda\/wp-content\/uploads\/2018\/11\/rotulacio-repla-catala-ferreteria-julia.jpg\" \/>\n\t<meta property=\"og:image:width\" content=\"2168\" \/>\n\t<meta property=\"og:image:height\" content=\"1796\" \/>\n\t<meta property=\"og:image:type\" content=\"image\/jpeg\" \/>\n<meta name=\"twitter:card\" content=\"summary_large_image\" \/>\n<meta name=\"twitter:label1\" content=\"Tiempo de lectura\" \/>\n\t<meta name=\"twitter:data1\" content=\"1 minuto\" \/>\n<script type=\"application\/ld+json\" class=\"yoast-schema-graph\">{\"@context\":\"https:\\\/\\\/schema.org\",\"@graph\":[{\"@type\":\"WebPage\",\"@id\":\"https:\\\/\\\/ferreteriajulia.com\\\/tienda\\\/producto\\\/placa-senyalitzacio-repla-comunitats\\\/\",\"url\":\"https:\\\/\\\/ferreteriajulia.com\\\/tienda\\\/producto\\\/placa-senyalitzacio-repla-comunitats\\\/\",\"name\":\"placa senyalitzaci\u00f3 repl\u00e0 comunitats - Ferreter\u00eda Juli\u00e0\",\"isPartOf\":{\"@id\":\"http:\\\/\\\/ferreteriajulia.com\\\/tienda\\\/#website\"},\"primaryImageOfPage\":{\"@id\":\"https:\\\/\\\/ferreteriajulia.com\\\/tienda\\\/producto\\\/placa-senyalitzacio-repla-comunitats\\\/#primaryimage\"},\"image\":{\"@id\":\"https:\\\/\\\/ferreteriajulia.com\\\/tienda\\\/producto\\\/placa-senyalitzacio-repla-comunitats\\\/#primaryimage\"},\"thumbnailUrl\":\"https:\\\/\\\/ferreteriajulia.com\\\/tienda\\\/wp-content\\\/uploads\\\/2018\\\/11\\\/rotulacio-repla-catala-ferreteria-julia.jpg\",\"datePublished\":\"2018-11-21T09:31:03+00:00\",\"dateModified\":\"2026-03-09T12:39:00+00:00\",\"description\":\"placa senyalitzaci\u00f3 repl\u00e0 comunitats - Ferreter\u00eda Juli\u00e0 - Ferreter\u00eda Barcelona - 933 59 84 12 - info@ferreteriajulia.com - Gran variedad de productos\",\"breadcrumb\":{\"@id\":\"https:\\\/\\\/ferreteriajulia.com\\\/tienda\\\/producto\\\/placa-senyalitzacio-repla-comunitats\\\/#breadcrumb\"},\"inLanguage\":\"es\",\"potentialAction\":[{\"@type\":\"ReadAction\",\"target\":[\"https:\\\/\\\/ferreteriajulia.com\\\/tienda\\\/producto\\\/placa-senyalitzacio-repla-comunitats\\\/\"]}]},{\"@type\":\"ImageObject\",\"inLanguage\":\"es\",\"@id\":\"https:\\\/\\\/ferreteriajulia.com\\\/tienda\\\/producto\\\/placa-senyalitzacio-repla-comunitats\\\/#primaryimage\",\"url\":\"https:\\\/\\\/ferreteriajulia.com\\\/tienda\\\/wp-content\\\/uploads\\\/2018\\\/11\\\/rotulacio-repla-catala-ferreteria-julia.jpg\",\"contentUrl\":\"https:\\\/\\\/ferreteriajulia.com\\\/tienda\\\/wp-content\\\/uploads\\\/2018\\\/11\\\/rotulacio-repla-catala-ferreteria-julia.jpg\",\"width\":2168,\"height\":1796},{\"@type\":\"BreadcrumbList\",\"@id\":\"https:\\\/\\\/ferreteriajulia.com\\\/tienda\\\/producto\\\/placa-senyalitzacio-repla-comunitats\\\/#breadcrumb\",\"itemListElement\":[{\"@type\":\"ListItem\",\"position\":1,\"name\":\"Portada\",\"item\":\"http:\\\/\\\/ferreteriajulia.com\\\/tienda\\\/\"},{\"@type\":\"ListItem\",\"position\":2,\"name\":\"Tienda online\",\"item\":\"http:\\\/\\\/ferreteriajulia.com\\\/tienda\\\/shop\\\/\"},{\"@type\":\"ListItem\",\"position\":3,\"name\":\"placa senyalitzaci\u00f3 repl\u00e0 comunitats\"}]},{\"@type\":\"WebSite\",\"@id\":\"http:\\\/\\\/ferreteriajulia.com\\\/tienda\\\/#website\",\"url\":\"http:\\\/\\\/ferreteriajulia.com\\\/tienda\\\/\",\"name\":\"Ferreter\u00eda Juli\u00e0\",\"description\":\"Ferreter\u00eda generalista, material para intalaciones y reparaciones.\",\"publisher\":{\"@id\":\"http:\\\/\\\/ferreteriajulia.com\\\/tienda\\\/#organization\"},\"potentialAction\":[{\"@type\":\"SearchAction\",\"target\":{\"@type\":\"EntryPoint\",\"urlTemplate\":\"http:\\\/\\\/ferreteriajulia.com\\\/tienda\\\/?s={search_term_string}\"},\"query-input\":{\"@type\":\"PropertyValueSpecification\",\"valueRequired\":true,\"valueName\":\"search_term_string\"}}],\"inLanguage\":\"es\"},{\"@type\":\"Organization\",\"@id\":\"http:\\\/\\\/ferreteriajulia.com\\\/tienda\\\/#organization\",\"name\":\"Ferreter\u00eda Juli\u00e0\",\"url\":\"http:\\\/\\\/ferreteriajulia.com\\\/tienda\\\/\",\"logo\":{\"@type\":\"ImageObject\",\"inLanguage\":\"es\",\"@id\":\"http:\\\/\\\/ferreteriajulia.com\\\/tienda\\\/#\\\/schema\\\/logo\\\/image\\\/\",\"url\":\"https:\\\/\\\/ferreteriajulia.com\\\/tienda\\\/wp-content\\\/uploads\\\/2023\\\/04\\\/LOGO_Ferreteria_Julia_HD-e1680625558319.png\",\"contentUrl\":\"https:\\\/\\\/ferreteriajulia.com\\\/tienda\\\/wp-content\\\/uploads\\\/2023\\\/04\\\/LOGO_Ferreteria_Julia_HD-e1680625558319.png\",\"width\":240,\"height\":89,\"caption\":\"Ferreter\u00eda Juli\u00e0\"},\"image\":{\"@id\":\"http:\\\/\\\/ferreteriajulia.com\\\/tienda\\\/#\\\/schema\\\/logo\\\/image\\\/\"}}]}<\/script>\n<!-- \/ Yoast SEO plugin. -->","yoast_head_json":{"title":"placa senyalitzaci\u00f3 repl\u00e0 comunitats - Ferreter\u00eda Juli\u00e0","description":"placa senyalitzaci\u00f3 repl\u00e0 comunitats - Ferreter\u00eda Juli\u00e0 - Ferreter\u00eda Barcelona - 933 59 84 12 - info@ferreteriajulia.com - Gran variedad de productos","robots":{"index":"index","follow":"follow","max-snippet":"max-snippet:-1","max-image-preview":"max-image-preview:large","max-video-preview":"max-video-preview:-1"},"canonical":"https:\/\/ferreteriajulia.com\/tienda\/producto\/placa-senyalitzacio-repla-comunitats\/","og_locale":"es_ES","og_type":"article","og_title":"placa senyalitzaci\u00f3 repl\u00e0 comunitats - Ferreter\u00eda Juli\u00e0","og_description":"placa senyalitzaci\u00f3 repl\u00e0 comunitats - Ferreter\u00eda Juli\u00e0 - Ferreter\u00eda Barcelona - 933 59 84 12 - info@ferreteriajulia.com - Gran variedad de productos","og_url":"https:\/\/ferreteriajulia.com\/tienda\/producto\/placa-senyalitzacio-repla-comunitats\/","og_site_name":"Ferreter\u00eda Juli\u00e0","article_modified_time":"2026-03-09T12:39:00+00:00","og_image":[{"width":2168,"height":1796,"url":"https:\/\/ferreteriajulia.com\/tienda\/wp-content\/uploads\/2018\/11\/rotulacio-repla-catala-ferreteria-julia.jpg","type":"image\/jpeg"}],"twitter_card":"summary_large_image","twitter_misc":{"Tiempo de lectura":"1 minuto"},"schema":{"@context":"https:\/\/schema.org","@graph":[{"@type":"WebPage","@id":"https:\/\/ferreteriajulia.com\/tienda\/producto\/placa-senyalitzacio-repla-comunitats\/","url":"https:\/\/ferreteriajulia.com\/tienda\/producto\/placa-senyalitzacio-repla-comunitats\/","name":"placa senyalitzaci\u00f3 repl\u00e0 comunitats - Ferreter\u00eda Juli\u00e0","isPartOf":{"@id":"http:\/\/ferreteriajulia.com\/tienda\/#website"},"primaryImageOfPage":{"@id":"https:\/\/ferreteriajulia.com\/tienda\/producto\/placa-senyalitzacio-repla-comunitats\/#primaryimage"},"image":{"@id":"https:\/\/ferreteriajulia.com\/tienda\/producto\/placa-senyalitzacio-repla-comunitats\/#primaryimage"},"thumbnailUrl":"https:\/\/ferreteriajulia.com\/tienda\/wp-content\/uploads\/2018\/11\/rotulacio-repla-catala-ferreteria-julia.jpg","datePublished":"2018-11-21T09:31:03+00:00","dateModified":"2026-03-09T12:39:00+00:00","description":"placa senyalitzaci\u00f3 repl\u00e0 comunitats - Ferreter\u00eda Juli\u00e0 - Ferreter\u00eda Barcelona - 933 59 84 12 - info@ferreteriajulia.com - Gran variedad de productos","breadcrumb":{"@id":"https:\/\/ferreteriajulia.com\/tienda\/producto\/placa-senyalitzacio-repla-comunitats\/#breadcrumb"},"inLanguage":"es","potentialAction":[{"@type":"ReadAction","target":["https:\/\/ferreteriajulia.com\/tienda\/producto\/placa-senyalitzacio-repla-comunitats\/"]}]},{"@type":"ImageObject","inLanguage":"es","@id":"https:\/\/ferreteriajulia.com\/tienda\/producto\/placa-senyalitzacio-repla-comunitats\/#primaryimage","url":"https:\/\/ferreteriajulia.com\/tienda\/wp-content\/uploads\/2018\/11\/rotulacio-repla-catala-ferreteria-julia.jpg","contentUrl":"https:\/\/ferreteriajulia.com\/tienda\/wp-content\/uploads\/2018\/11\/rotulacio-repla-catala-ferreteria-julia.jpg","width":2168,"height":1796},{"@type":"BreadcrumbList","@id":"https:\/\/ferreteriajulia.com\/tienda\/producto\/placa-senyalitzacio-repla-comunitats\/#breadcrumb","itemListElement":[{"@type":"ListItem","position":1,"name":"Portada","item":"http:\/\/ferreteriajulia.com\/tienda\/"},{"@type":"ListItem","position":2,"name":"Tienda online","item":"http:\/\/ferreteriajulia.com\/tienda\/shop\/"},{"@type":"ListItem","position":3,"name":"placa senyalitzaci\u00f3 repl\u00e0 comunitats"}]},{"@type":"WebSite","@id":"http:\/\/ferreteriajulia.com\/tienda\/#website","url":"http:\/\/ferreteriajulia.com\/tienda\/","name":"Ferreter\u00eda Juli\u00e0","description":"Ferreter\u00eda generalista, material para intalaciones y reparaciones.","publisher":{"@id":"http:\/\/ferreteriajulia.com\/tienda\/#organization"},"potentialAction":[{"@type":"SearchAction","target":{"@type":"EntryPoint","urlTemplate":"http:\/\/ferreteriajulia.com\/tienda\/?s={search_term_string}"},"query-input":{"@type":"PropertyValueSpecification","valueRequired":true,"valueName":"search_term_string"}}],"inLanguage":"es"},{"@type":"Organization","@id":"http:\/\/ferreteriajulia.com\/tienda\/#organization","name":"Ferreter\u00eda Juli\u00e0","url":"http:\/\/ferreteriajulia.com\/tienda\/","logo":{"@type":"ImageObject","inLanguage":"es","@id":"http:\/\/ferreteriajulia.com\/tienda\/#\/schema\/logo\/image\/","url":"https:\/\/ferreteriajulia.com\/tienda\/wp-content\/uploads\/2023\/04\/LOGO_Ferreteria_Julia_HD-e1680625558319.png","contentUrl":"https:\/\/ferreteriajulia.com\/tienda\/wp-content\/uploads\/2023\/04\/LOGO_Ferreteria_Julia_HD-e1680625558319.png","width":240,"height":89,"caption":"Ferreter\u00eda Juli\u00e0"},"image":{"@id":"http:\/\/ferreteriajulia.com\/tienda\/#\/schema\/logo\/image\/"}}]}},"_links":{"self":[{"href":"https:\/\/ferreteriajulia.com\/tienda\/wp-json\/wp\/v2\/product\/10771","targetHints":{"allow":["GET"]}}],"collection":[{"href":"https:\/\/ferreteriajulia.com\/tienda\/wp-json\/wp\/v2\/product"}],"about":[{"href":"https:\/\/ferreteriajulia.com\/tienda\/wp-json\/wp\/v2\/types\/product"}],"wp:featuredmedia":[{"embeddable":true,"href":"https:\/\/ferreteriajulia.com\/tienda\/wp-json\/wp\/v2\/media\/20813"}],"wp:attachment":[{"href":"https:\/\/ferreteriajulia.com\/tienda\/wp-json\/wp\/v2\/media?parent=10771"}],"wp:term":[{"taxonomy":"product_brand","embeddable":true,"href":"https:\/\/ferreteriajulia.com\/tienda\/wp-json\/wp\/v2\/product_brand?post=10771"},{"taxonomy":"product_cat","embeddable":true,"href":"https:\/\/ferreteriajulia.com\/tienda\/wp-json\/wp\/v2\/product_cat?post=10771"},{"taxonomy":"product_tag","embeddable":true,"href":"https:\/\/ferreteriajulia.com\/tienda\/wp-json\/wp\/v2\/product_tag?post=10771"}],"curies":[{"name":"wp","href":"https:\/\/api.w.org\/{rel}","templated":true}]}}