{"id":13663,"date":"2021-05-13T17:31:53","date_gmt":"2021-05-13T15:31:53","guid":{"rendered":"http:\/\/ferreteriajulia.com\/tienda\/?post_type=product&#038;p=13663"},"modified":"2026-02-23T15:38:36","modified_gmt":"2026-02-23T14:38:36","slug":"candado-abus-titalium-64ti-25","status":"publish","type":"product","link":"https:\/\/ferreteriajulia.com\/tienda\/producto\/candado-abus-titalium-64ti-25\/","title":{"rendered":"candado abus titalium 64TI\/25"},"content":{"rendered":"<p>candado abus titalium 64ti\/25<\/p>\n<p>se entrega con dos llaves<\/p>\n<h3 class=\"hyphenate\">64TI\/25, ancho candado 25mm<\/h3>\n<p>Asegure los art\u00edculos en caso de riesgo de robo medio con nuestro candado 64 TITALIUM\u2122.<\/p>\n<p><img loading=\"lazy\" decoding=\"async\" class=\"\" src=\"https:\/\/www.abus.com\/bundles\/abusdesign\/images\/security_level_hasi\/Level_03_abus_1280.png?asset-version=1770845659\" alt=\"Nivel de seguridad 3\/10 | ABUS GLOBAL PROTECTION STANDARD \u00ae |\" width=\"424\" height=\"60\" \/><\/p>\n<h3 class=\"like-h2\"><span class=\"top-line\">64 TITALIUM\u2122<\/span>LIGERO PERO SEGURO<\/h3>\n<div class=\"copy\"><span class=\"copy--bold\">Asegure los art\u00edculos en caso de riesgo de robo medio con nuestro candado 64 TITALIUM\u2122.<\/span><\/div>\n<div class=\"copy\">Se trate de puertas o portones, armarios o taquillas, cajas de herramientas o s\u00f3tanos, con este candado sus objetos de valor estar\u00e1n muy bien protegidos frente a robos. El cuerpo del candado est\u00e1 fabricado en aluminio especial TITALIUM\u2122, lo que lo hace especialmente ligero al tiempo que robusto. El perfil de llave parac\u00e9ntrico proporciona una mayor protecci\u00f3n contra manipulaciones, dificultando los intentos de forzamiento del candado 64 Titalium. Si necesita conectar puntos de bloqueo que se encuentran m\u00e1s separados entre s\u00ed, elija una variante con un arco alto. Esto le permite bloquear tambi\u00e9n cadenas m\u00e1s gruesas o pernos de bloqueo macizos de forma sencilla y c\u00f3moda.<\/div>\n<ul class=\"list list--ul\">\n<li>Cuerpo del candado de aluminio especial TITALIUM\u2122 macizo<\/li>\n<li>Arco de acero endurecido con revestimiento NANO-PROTECT\u2122 para una alta protecci\u00f3n contra la corrosi\u00f3n<\/li>\n<li>64TI\/50HB60-150: Arco extra\u00edble y ajustable en tama\u00f1o de 60\u00a0mm a 150\u00a0mm<\/li>\n<li>Perfil de llave parac\u00e9ntrico para una mayor protecci\u00f3n antimanipulaci\u00f3n<\/li>\n<li>Bloqueo doble de arco<\/li>\n<li>N\u00facleo del cilindro cromado para una protecci\u00f3n anticorrosi\u00f3n adicional<\/li>\n<li>Cabezal de la llave con forma de tulip\u00e1n<\/li>\n<li>Protecci\u00f3n de bienes\/objetos de valor medio o para riesgo normal de robo<\/li>\n<li>Para proteger bolsas, por ejemplo, cadenas, puertas, portones, armarios, taquillas, cajas de herramientas, ventanas de s\u00f3tano o cobertizos<\/li>\n<li>A partir de 30 mm: para asegurar cadenas, puertas, verjas, armarios, taquillas, casetas de jardin, etc.<\/li>\n<\/ul>\n<p><img loading=\"lazy\" decoding=\"async\" class=\"alignnone size-full wp-image-22862\" src=\"http:\/\/ferreteriajulia.com\/tienda\/wp-content\/uploads\/2021\/05\/detalles-candado-abus-titalium.png\" alt=\"\" width=\"900\" height=\"613\" srcset=\"https:\/\/ferreteriajulia.com\/tienda\/wp-content\/uploads\/2021\/05\/detalles-candado-abus-titalium.png 900w, https:\/\/ferreteriajulia.com\/tienda\/wp-content\/uploads\/2021\/05\/detalles-candado-abus-titalium-300x204.png 300w, https:\/\/ferreteriajulia.com\/tienda\/wp-content\/uploads\/2021\/05\/detalles-candado-abus-titalium-768x523.png 768w, https:\/\/ferreteriajulia.com\/tienda\/wp-content\/uploads\/2021\/05\/detalles-candado-abus-titalium-510x347.png 510w\" sizes=\"auto, (max-width: 900px) 100vw, 900px\" \/><\/p>\n","protected":false},"excerpt":{"rendered":"<p>candado abus titalium 64TI\/25<\/p>\n","protected":false},"featured_media":22860,"template":"","meta":{"_monsterinsights_skip_tracking":false,"_monsterinsights_sitenote_active":false,"_monsterinsights_sitenote_note":"","_monsterinsights_sitenote_category":0},"product_brand":[],"product_cat":[451],"product_tag":[],"class_list":{"0":"post-13663","1":"product","2":"type-product","3":"status-publish","4":"has-post-thumbnail","6":"product_cat-candados","8":"first","9":"instock","10":"sale","11":"taxable","12":"shipping-taxable","13":"purchasable","14":"product-type-simple"},"yoast_head":"<!-- This site is optimized with the Yoast SEO plugin v27.4 - https:\/\/yoast.com\/product\/yoast-seo-wordpress\/ -->\n<title>candado abus titalium 64TI\/25 - Ferreter\u00eda Juli\u00e0<\/title>\n<meta name=\"description\" content=\"candado abus titalium 64TI\/25 - Ferreter\u00eda Juli\u00e0 - Ferreter\u00eda en Barcelona y venta On-line - telf.933 59 84 12 - info@ferreteriajulia.com - Gran variedad de productos\" \/>\n<meta name=\"robots\" content=\"index, follow, max-snippet:-1, max-image-preview:large, max-video-preview:-1\" \/>\n<link rel=\"canonical\" href=\"https:\/\/ferreteriajulia.com\/tienda\/producto\/candado-abus-titalium-64ti-25\/\" \/>\n<meta property=\"og:locale\" content=\"es_ES\" \/>\n<meta property=\"og:type\" content=\"article\" \/>\n<meta property=\"og:title\" content=\"candado abus titalium 64TI\/25 - Ferreter\u00eda Juli\u00e0\" \/>\n<meta property=\"og:description\" content=\"candado abus titalium 64TI\/25 - Ferreter\u00eda Juli\u00e0 - Ferreter\u00eda en Barcelona y venta On-line - telf.933 59 84 12 - info@ferreteriajulia.com - Gran variedad de productos\" \/>\n<meta property=\"og:url\" content=\"https:\/\/ferreteriajulia.com\/tienda\/producto\/candado-abus-titalium-64ti-25\/\" \/>\n<meta property=\"og:site_name\" content=\"Ferreter\u00eda Juli\u00e0\" \/>\n<meta property=\"article:modified_time\" content=\"2026-02-23T14:38:36+00:00\" \/>\n<meta property=\"og:image\" content=\"https:\/\/ferreteriajulia.com\/tienda\/wp-content\/uploads\/2021\/05\/candado-abus-titalium-64Ti.png\" \/>\n\t<meta property=\"og:image:width\" content=\"1363\" \/>\n\t<meta property=\"og:image:height\" content=\"1195\" \/>\n\t<meta property=\"og:image:type\" content=\"image\/png\" \/>\n<meta name=\"twitter:card\" content=\"summary_large_image\" \/>\n<meta name=\"twitter:label1\" content=\"Tiempo de lectura\" \/>\n\t<meta name=\"twitter:data1\" content=\"2 minutos\" \/>\n<script type=\"application\/ld+json\" class=\"yoast-schema-graph\">{\"@context\":\"https:\\\/\\\/schema.org\",\"@graph\":[{\"@type\":\"WebPage\",\"@id\":\"https:\\\/\\\/ferreteriajulia.com\\\/tienda\\\/producto\\\/candado-abus-titalium-64ti-25\\\/\",\"url\":\"https:\\\/\\\/ferreteriajulia.com\\\/tienda\\\/producto\\\/candado-abus-titalium-64ti-25\\\/\",\"name\":\"candado abus titalium 64TI\\\/25 - Ferreter\u00eda Juli\u00e0\",\"isPartOf\":{\"@id\":\"http:\\\/\\\/ferreteriajulia.com\\\/tienda\\\/#website\"},\"primaryImageOfPage\":{\"@id\":\"https:\\\/\\\/ferreteriajulia.com\\\/tienda\\\/producto\\\/candado-abus-titalium-64ti-25\\\/#primaryimage\"},\"image\":{\"@id\":\"https:\\\/\\\/ferreteriajulia.com\\\/tienda\\\/producto\\\/candado-abus-titalium-64ti-25\\\/#primaryimage\"},\"thumbnailUrl\":\"https:\\\/\\\/ferreteriajulia.com\\\/tienda\\\/wp-content\\\/uploads\\\/2021\\\/05\\\/candado-abus-titalium-64Ti.png\",\"datePublished\":\"2021-05-13T15:31:53+00:00\",\"dateModified\":\"2026-02-23T14:38:36+00:00\",\"description\":\"candado abus titalium 64TI\\\/25 - Ferreter\u00eda Juli\u00e0 - Ferreter\u00eda en Barcelona y venta On-line - telf.933 59 84 12 - info@ferreteriajulia.com - Gran variedad de productos\",\"breadcrumb\":{\"@id\":\"https:\\\/\\\/ferreteriajulia.com\\\/tienda\\\/producto\\\/candado-abus-titalium-64ti-25\\\/#breadcrumb\"},\"inLanguage\":\"es\",\"potentialAction\":[{\"@type\":\"ReadAction\",\"target\":[\"https:\\\/\\\/ferreteriajulia.com\\\/tienda\\\/producto\\\/candado-abus-titalium-64ti-25\\\/\"]}]},{\"@type\":\"ImageObject\",\"inLanguage\":\"es\",\"@id\":\"https:\\\/\\\/ferreteriajulia.com\\\/tienda\\\/producto\\\/candado-abus-titalium-64ti-25\\\/#primaryimage\",\"url\":\"https:\\\/\\\/ferreteriajulia.com\\\/tienda\\\/wp-content\\\/uploads\\\/2021\\\/05\\\/candado-abus-titalium-64Ti.png\",\"contentUrl\":\"https:\\\/\\\/ferreteriajulia.com\\\/tienda\\\/wp-content\\\/uploads\\\/2021\\\/05\\\/candado-abus-titalium-64Ti.png\",\"width\":1363,\"height\":1195},{\"@type\":\"BreadcrumbList\",\"@id\":\"https:\\\/\\\/ferreteriajulia.com\\\/tienda\\\/producto\\\/candado-abus-titalium-64ti-25\\\/#breadcrumb\",\"itemListElement\":[{\"@type\":\"ListItem\",\"position\":1,\"name\":\"Portada\",\"item\":\"http:\\\/\\\/ferreteriajulia.com\\\/tienda\\\/\"},{\"@type\":\"ListItem\",\"position\":2,\"name\":\"Tienda online\",\"item\":\"http:\\\/\\\/ferreteriajulia.com\\\/tienda\\\/shop\\\/\"},{\"@type\":\"ListItem\",\"position\":3,\"name\":\"candado abus titalium 64TI\\\/25\"}]},{\"@type\":\"WebSite\",\"@id\":\"http:\\\/\\\/ferreteriajulia.com\\\/tienda\\\/#website\",\"url\":\"http:\\\/\\\/ferreteriajulia.com\\\/tienda\\\/\",\"name\":\"Ferreter\u00eda Juli\u00e0\",\"description\":\"Ferreter\u00eda generalista, material para intalaciones y reparaciones.\",\"publisher\":{\"@id\":\"http:\\\/\\\/ferreteriajulia.com\\\/tienda\\\/#organization\"},\"potentialAction\":[{\"@type\":\"SearchAction\",\"target\":{\"@type\":\"EntryPoint\",\"urlTemplate\":\"http:\\\/\\\/ferreteriajulia.com\\\/tienda\\\/?s={search_term_string}\"},\"query-input\":{\"@type\":\"PropertyValueSpecification\",\"valueRequired\":true,\"valueName\":\"search_term_string\"}}],\"inLanguage\":\"es\"},{\"@type\":\"Organization\",\"@id\":\"http:\\\/\\\/ferreteriajulia.com\\\/tienda\\\/#organization\",\"name\":\"Ferreter\u00eda Juli\u00e0\",\"url\":\"http:\\\/\\\/ferreteriajulia.com\\\/tienda\\\/\",\"logo\":{\"@type\":\"ImageObject\",\"inLanguage\":\"es\",\"@id\":\"http:\\\/\\\/ferreteriajulia.com\\\/tienda\\\/#\\\/schema\\\/logo\\\/image\\\/\",\"url\":\"https:\\\/\\\/ferreteriajulia.com\\\/tienda\\\/wp-content\\\/uploads\\\/2023\\\/04\\\/LOGO_Ferreteria_Julia_HD-e1680625558319.png\",\"contentUrl\":\"https:\\\/\\\/ferreteriajulia.com\\\/tienda\\\/wp-content\\\/uploads\\\/2023\\\/04\\\/LOGO_Ferreteria_Julia_HD-e1680625558319.png\",\"width\":240,\"height\":89,\"caption\":\"Ferreter\u00eda Juli\u00e0\"},\"image\":{\"@id\":\"http:\\\/\\\/ferreteriajulia.com\\\/tienda\\\/#\\\/schema\\\/logo\\\/image\\\/\"}}]}<\/script>\n<!-- \/ Yoast SEO plugin. -->","yoast_head_json":{"title":"candado abus titalium 64TI\/25 - Ferreter\u00eda Juli\u00e0","description":"candado abus titalium 64TI\/25 - Ferreter\u00eda Juli\u00e0 - Ferreter\u00eda en Barcelona y venta On-line - telf.933 59 84 12 - info@ferreteriajulia.com - Gran variedad de productos","robots":{"index":"index","follow":"follow","max-snippet":"max-snippet:-1","max-image-preview":"max-image-preview:large","max-video-preview":"max-video-preview:-1"},"canonical":"https:\/\/ferreteriajulia.com\/tienda\/producto\/candado-abus-titalium-64ti-25\/","og_locale":"es_ES","og_type":"article","og_title":"candado abus titalium 64TI\/25 - Ferreter\u00eda Juli\u00e0","og_description":"candado abus titalium 64TI\/25 - Ferreter\u00eda Juli\u00e0 - Ferreter\u00eda en Barcelona y venta On-line - telf.933 59 84 12 - info@ferreteriajulia.com - Gran variedad de productos","og_url":"https:\/\/ferreteriajulia.com\/tienda\/producto\/candado-abus-titalium-64ti-25\/","og_site_name":"Ferreter\u00eda Juli\u00e0","article_modified_time":"2026-02-23T14:38:36+00:00","og_image":[{"width":1363,"height":1195,"url":"https:\/\/ferreteriajulia.com\/tienda\/wp-content\/uploads\/2021\/05\/candado-abus-titalium-64Ti.png","type":"image\/png"}],"twitter_card":"summary_large_image","twitter_misc":{"Tiempo de lectura":"2 minutos"},"schema":{"@context":"https:\/\/schema.org","@graph":[{"@type":"WebPage","@id":"https:\/\/ferreteriajulia.com\/tienda\/producto\/candado-abus-titalium-64ti-25\/","url":"https:\/\/ferreteriajulia.com\/tienda\/producto\/candado-abus-titalium-64ti-25\/","name":"candado abus titalium 64TI\/25 - Ferreter\u00eda Juli\u00e0","isPartOf":{"@id":"http:\/\/ferreteriajulia.com\/tienda\/#website"},"primaryImageOfPage":{"@id":"https:\/\/ferreteriajulia.com\/tienda\/producto\/candado-abus-titalium-64ti-25\/#primaryimage"},"image":{"@id":"https:\/\/ferreteriajulia.com\/tienda\/producto\/candado-abus-titalium-64ti-25\/#primaryimage"},"thumbnailUrl":"https:\/\/ferreteriajulia.com\/tienda\/wp-content\/uploads\/2021\/05\/candado-abus-titalium-64Ti.png","datePublished":"2021-05-13T15:31:53+00:00","dateModified":"2026-02-23T14:38:36+00:00","description":"candado abus titalium 64TI\/25 - Ferreter\u00eda Juli\u00e0 - Ferreter\u00eda en Barcelona y venta On-line - telf.933 59 84 12 - info@ferreteriajulia.com - Gran variedad de productos","breadcrumb":{"@id":"https:\/\/ferreteriajulia.com\/tienda\/producto\/candado-abus-titalium-64ti-25\/#breadcrumb"},"inLanguage":"es","potentialAction":[{"@type":"ReadAction","target":["https:\/\/ferreteriajulia.com\/tienda\/producto\/candado-abus-titalium-64ti-25\/"]}]},{"@type":"ImageObject","inLanguage":"es","@id":"https:\/\/ferreteriajulia.com\/tienda\/producto\/candado-abus-titalium-64ti-25\/#primaryimage","url":"https:\/\/ferreteriajulia.com\/tienda\/wp-content\/uploads\/2021\/05\/candado-abus-titalium-64Ti.png","contentUrl":"https:\/\/ferreteriajulia.com\/tienda\/wp-content\/uploads\/2021\/05\/candado-abus-titalium-64Ti.png","width":1363,"height":1195},{"@type":"BreadcrumbList","@id":"https:\/\/ferreteriajulia.com\/tienda\/producto\/candado-abus-titalium-64ti-25\/#breadcrumb","itemListElement":[{"@type":"ListItem","position":1,"name":"Portada","item":"http:\/\/ferreteriajulia.com\/tienda\/"},{"@type":"ListItem","position":2,"name":"Tienda online","item":"http:\/\/ferreteriajulia.com\/tienda\/shop\/"},{"@type":"ListItem","position":3,"name":"candado abus titalium 64TI\/25"}]},{"@type":"WebSite","@id":"http:\/\/ferreteriajulia.com\/tienda\/#website","url":"http:\/\/ferreteriajulia.com\/tienda\/","name":"Ferreter\u00eda Juli\u00e0","description":"Ferreter\u00eda generalista, material para intalaciones y reparaciones.","publisher":{"@id":"http:\/\/ferreteriajulia.com\/tienda\/#organization"},"potentialAction":[{"@type":"SearchAction","target":{"@type":"EntryPoint","urlTemplate":"http:\/\/ferreteriajulia.com\/tienda\/?s={search_term_string}"},"query-input":{"@type":"PropertyValueSpecification","valueRequired":true,"valueName":"search_term_string"}}],"inLanguage":"es"},{"@type":"Organization","@id":"http:\/\/ferreteriajulia.com\/tienda\/#organization","name":"Ferreter\u00eda Juli\u00e0","url":"http:\/\/ferreteriajulia.com\/tienda\/","logo":{"@type":"ImageObject","inLanguage":"es","@id":"http:\/\/ferreteriajulia.com\/tienda\/#\/schema\/logo\/image\/","url":"https:\/\/ferreteriajulia.com\/tienda\/wp-content\/uploads\/2023\/04\/LOGO_Ferreteria_Julia_HD-e1680625558319.png","contentUrl":"https:\/\/ferreteriajulia.com\/tienda\/wp-content\/uploads\/2023\/04\/LOGO_Ferreteria_Julia_HD-e1680625558319.png","width":240,"height":89,"caption":"Ferreter\u00eda Juli\u00e0"},"image":{"@id":"http:\/\/ferreteriajulia.com\/tienda\/#\/schema\/logo\/image\/"}}]}},"_links":{"self":[{"href":"https:\/\/ferreteriajulia.com\/tienda\/wp-json\/wp\/v2\/product\/13663","targetHints":{"allow":["GET"]}}],"collection":[{"href":"https:\/\/ferreteriajulia.com\/tienda\/wp-json\/wp\/v2\/product"}],"about":[{"href":"https:\/\/ferreteriajulia.com\/tienda\/wp-json\/wp\/v2\/types\/product"}],"wp:featuredmedia":[{"embeddable":true,"href":"https:\/\/ferreteriajulia.com\/tienda\/wp-json\/wp\/v2\/media\/22860"}],"wp:attachment":[{"href":"https:\/\/ferreteriajulia.com\/tienda\/wp-json\/wp\/v2\/media?parent=13663"}],"wp:term":[{"taxonomy":"product_brand","embeddable":true,"href":"https:\/\/ferreteriajulia.com\/tienda\/wp-json\/wp\/v2\/product_brand?post=13663"},{"taxonomy":"product_cat","embeddable":true,"href":"https:\/\/ferreteriajulia.com\/tienda\/wp-json\/wp\/v2\/product_cat?post=13663"},{"taxonomy":"product_tag","embeddable":true,"href":"https:\/\/ferreteriajulia.com\/tienda\/wp-json\/wp\/v2\/product_tag?post=13663"}],"curies":[{"name":"wp","href":"https:\/\/api.w.org\/{rel}","templated":true}]}}