{"id":13922,"date":"2021-07-07T11:42:22","date_gmt":"2021-07-07T09:42:22","guid":{"rendered":"http:\/\/ferreteriajulia.com\/tienda\/?post_type=product&#038;p=13922"},"modified":"2026-03-21T09:50:35","modified_gmt":"2026-03-21T08:50:35","slug":"valvula-bola-arco-nile-3-4-hembra","status":"publish","type":"product","link":"https:\/\/ferreteriajulia.com\/tienda\/producto\/valvula-bola-arco-nile-3-4-hembra\/","title":{"rendered":"v\u00e1lvula bola ARCO NILE 3\/4&#8243; Hembra"},"content":{"rendered":"<p>v\u00e1lvula bola ARCO NILE 3\/4&#8243; Hembra<\/p>\n<p>rosca interior para combinar con <a href=\"https:\/\/ferreteriajulia.com\/tienda\/producto\/machon-laton-34\/\">machones lat\u00f3n de 3\/4&#8243;<\/a><\/p>\n<p id=\"tw-target-text\" class=\"tw-data-text tw-text-large tw-ta\" dir=\"ltr\" tabindex=\"-1\" role=\"text\" data-placeholder=\"Traducci\u00f3\" data-ved=\"2ahUKEwi8s4z8yrCTAxUU2gIHHYJ_KYQQ3ewLegQIDBAX\" aria-label=\"Text tradu\u00eft: La v\u00e1lvula de bola ARCO serie NILE de 1&quot; Hembra-Himbra es una v\u00e1lvula met\u00e1lica de obturador esf\u00e9rico y accionamiento manual, dise\u00f1ada para instalaciones de fontaner\u00eda que requieren un corte fiable del flujo. Esta serie se caracteriza por ser de paso reducido, lo que significa que el orificio interior es el orificio interior\"><span class=\"Y2IQFc\" lang=\"es\">La v\u00e1lvula de bola ARCO serie NILE de 3\/4&#8243; Hembra-Hembra es una v\u00e1lvula met\u00e1lica de obturador esf\u00e9rico y accionamiento manual, dise\u00f1ada para instalaciones de fontaner\u00eda que requieren un corte fiable del flujo. Esta serie se caracteriza por ser de paso reducido, lo que significa que el orificio interior es el orificio interior.<\/span><\/p>\n<p dir=\"ltr\" tabindex=\"-1\" role=\"text\" data-placeholder=\"Traducci\u00f3\" data-ved=\"2ahUKEwi8s4z8yrCTAxUU2gIHHYJ_KYQQ3ewLegQIDBAX\" aria-label=\"Text tradu\u00eft: La v\u00e1lvula de bola ARCO serie NILE de 1&quot; Hembra-Himbra es una v\u00e1lvula met\u00e1lica de obturador esf\u00e9rico y accionamiento manual, dise\u00f1ada para instalaciones de fontaner\u00eda que requieren un corte fiable del flujo. Esta serie se caracteriza por ser de paso reducido, lo que significa que el orificio interior es el orificio interior\">Tambi\u00e9n llamada v\u00e1lvula de esfera.<\/p>\n<h3 dir=\"ltr\" tabindex=\"-1\" role=\"text\" data-placeholder=\"Traducci\u00f3\" data-ved=\"2ahUKEwi8s4z8yrCTAxUU2gIHHYJ_KYQQ3ewLegQIDBAX\" aria-label=\"Text tradu\u00eft: La v\u00e1lvula de bola ARCO serie NILE de 1&quot; Hembra-Himbra es una v\u00e1lvula met\u00e1lica de obturador esf\u00e9rico y accionamiento manual, dise\u00f1ada para instalaciones de fontaner\u00eda que requieren un corte fiable del flujo. Esta serie se caracteriza por ser de paso reducido, lo que significa que el orificio interior es el orificio interior\">Caracter\u00edsticas:<\/h3>\n<ul>\n<li>Fabricadas en lat\u00f3n<\/li>\n<li>Paso reducido<\/li>\n<li>Sistema de accionamiento de cuarto de vuelta<\/li>\n<li>Acabado niquelado de alta calidad<\/li>\n<li>Sistema de estanqueidad exterior por doble junta t\u00f3rica<\/li>\n<li>Sistema de estanqueidad interna con dos asientos de PTFE<\/li>\n<li>Presi\u00f3n nominal de 25 bar<\/li>\n<li>Presi\u00f3n de ensayo de 37 bar<\/li>\n<li>Temperatura de -20\u00baC a 80\u00baC, excluyendo la congelaci\u00f3n<\/li>\n<li>Agua potable y agua caliente sanitaria en uso discontinuo<\/li>\n<\/ul>\n<blockquote class=\"wp-embedded-content\" data-secret=\"f2d3YiS3RT\"><p><a href=\"https:\/\/ferreteriajulia.com\/tienda\/producto\/hilo-sellador-loctite-55\/\">LOCTITE 55 hilo tefl\u00f3n sellador<\/a><\/p><\/blockquote>\n<p><iframe loading=\"lazy\" class=\"wp-embedded-content\" sandbox=\"allow-scripts\" security=\"restricted\" style=\"position: absolute; visibility: hidden;\" title=\"\u00abLOCTITE 55 hilo tefl\u00f3n sellador\u00bb \u2014 Ferreter\u00eda Juli\u00e0\" src=\"https:\/\/ferreteriajulia.com\/tienda\/producto\/hilo-sellador-loctite-55\/embed\/#?secret=3NhfRcAHuh#?secret=f2d3YiS3RT\" data-secret=\"f2d3YiS3RT\" width=\"600\" height=\"338\" frameborder=\"0\" marginwidth=\"0\" marginheight=\"0\" scrolling=\"no\"><\/iframe><\/p>\n<p>&nbsp;<\/p>\n","protected":false},"excerpt":{"rendered":"<p>v\u00e1lvula bola ARCO NILE 3\/4&#8243; Hembra<\/p>\n","protected":false},"featured_media":20787,"template":"","meta":{"_monsterinsights_skip_tracking":false,"_monsterinsights_sitenote_active":false,"_monsterinsights_sitenote_note":"","_monsterinsights_sitenote_category":0},"product_brand":[],"product_cat":[766],"product_tag":[],"class_list":{"0":"post-13922","1":"product","2":"type-product","3":"status-publish","4":"has-post-thumbnail","6":"product_cat-llaves-de-bola-valvulas-de-corte","8":"first","9":"instock","10":"sale","11":"taxable","12":"shipping-taxable","13":"purchasable","14":"product-type-simple"},"yoast_head":"<!-- This site is optimized with the Yoast SEO plugin v27.1.1 - https:\/\/yoast.com\/product\/yoast-seo-wordpress\/ -->\n<title>v\u00e1lvula bola ARCO NILE 3\/4&quot; Hembra - Ferreter\u00eda Juli\u00e0<\/title>\n<meta name=\"description\" content=\"v\u00e1lvula bola ARCO NILE 3\/4&quot; Hembra - Ferreter\u00eda Juli\u00e0 - Ferreter\u00eda en Barcelona y venta On-line - telf.933 59 84 12 - info@ferreteriajulia.com - Gran variedad de productos\" \/>\n<meta name=\"robots\" content=\"index, follow, max-snippet:-1, max-image-preview:large, max-video-preview:-1\" \/>\n<link rel=\"canonical\" href=\"https:\/\/ferreteriajulia.com\/tienda\/producto\/valvula-bola-arco-nile-3-4-hembra\/\" \/>\n<meta property=\"og:locale\" content=\"es_ES\" \/>\n<meta property=\"og:type\" content=\"article\" \/>\n<meta property=\"og:title\" content=\"v\u00e1lvula bola ARCO NILE 3\/4&quot; Hembra - Ferreter\u00eda Juli\u00e0\" \/>\n<meta property=\"og:description\" content=\"v\u00e1lvula bola ARCO NILE 3\/4&quot; Hembra - Ferreter\u00eda Juli\u00e0 - Ferreter\u00eda en Barcelona y venta On-line - telf.933 59 84 12 - info@ferreteriajulia.com - Gran variedad de productos\" \/>\n<meta property=\"og:url\" content=\"https:\/\/ferreteriajulia.com\/tienda\/producto\/valvula-bola-arco-nile-3-4-hembra\/\" \/>\n<meta property=\"og:site_name\" content=\"Ferreter\u00eda Juli\u00e0\" \/>\n<meta property=\"article:modified_time\" content=\"2026-03-21T08:50:35+00:00\" \/>\n<meta property=\"og:image\" content=\"https:\/\/ferreteriajulia.com\/tienda\/wp-content\/uploads\/2021\/07\/valvula-esfera-Arco-nile.png\" \/>\n\t<meta property=\"og:image:width\" content=\"932\" \/>\n\t<meta property=\"og:image:height\" content=\"802\" \/>\n\t<meta property=\"og:image:type\" content=\"image\/png\" \/>\n<meta name=\"twitter:card\" content=\"summary_large_image\" \/>\n<meta name=\"twitter:label1\" content=\"Tiempo de lectura\" \/>\n\t<meta name=\"twitter:data1\" content=\"2 minutos\" \/>\n<script type=\"application\/ld+json\" class=\"yoast-schema-graph\">{\"@context\":\"https:\/\/schema.org\",\"@graph\":[{\"@type\":\"WebPage\",\"@id\":\"https:\/\/ferreteriajulia.com\/tienda\/producto\/valvula-bola-arco-nile-3-4-hembra\/\",\"url\":\"https:\/\/ferreteriajulia.com\/tienda\/producto\/valvula-bola-arco-nile-3-4-hembra\/\",\"name\":\"v\u00e1lvula bola ARCO NILE 3\/4\\\" Hembra - Ferreter\u00eda Juli\u00e0\",\"isPartOf\":{\"@id\":\"https:\/\/ferreteriajulia.com\/tienda\/#website\"},\"primaryImageOfPage\":{\"@id\":\"https:\/\/ferreteriajulia.com\/tienda\/producto\/valvula-bola-arco-nile-3-4-hembra\/#primaryimage\"},\"image\":{\"@id\":\"https:\/\/ferreteriajulia.com\/tienda\/producto\/valvula-bola-arco-nile-3-4-hembra\/#primaryimage\"},\"thumbnailUrl\":\"https:\/\/ferreteriajulia.com\/tienda\/wp-content\/uploads\/2021\/07\/valvula-esfera-Arco-nile.png\",\"datePublished\":\"2021-07-07T09:42:22+00:00\",\"dateModified\":\"2026-03-21T08:50:35+00:00\",\"description\":\"v\u00e1lvula bola ARCO NILE 3\/4\\\" Hembra - Ferreter\u00eda Juli\u00e0 - Ferreter\u00eda en Barcelona y venta On-line - telf.933 59 84 12 - info@ferreteriajulia.com - Gran variedad de productos\",\"breadcrumb\":{\"@id\":\"https:\/\/ferreteriajulia.com\/tienda\/producto\/valvula-bola-arco-nile-3-4-hembra\/#breadcrumb\"},\"inLanguage\":\"es\",\"potentialAction\":[{\"@type\":\"ReadAction\",\"target\":[\"https:\/\/ferreteriajulia.com\/tienda\/producto\/valvula-bola-arco-nile-3-4-hembra\/\"]}]},{\"@type\":\"ImageObject\",\"inLanguage\":\"es\",\"@id\":\"https:\/\/ferreteriajulia.com\/tienda\/producto\/valvula-bola-arco-nile-3-4-hembra\/#primaryimage\",\"url\":\"https:\/\/ferreteriajulia.com\/tienda\/wp-content\/uploads\/2021\/07\/valvula-esfera-Arco-nile.png\",\"contentUrl\":\"https:\/\/ferreteriajulia.com\/tienda\/wp-content\/uploads\/2021\/07\/valvula-esfera-Arco-nile.png\",\"width\":932,\"height\":802},{\"@type\":\"BreadcrumbList\",\"@id\":\"https:\/\/ferreteriajulia.com\/tienda\/producto\/valvula-bola-arco-nile-3-4-hembra\/#breadcrumb\",\"itemListElement\":[{\"@type\":\"ListItem\",\"position\":1,\"name\":\"Portada\",\"item\":\"https:\/\/ferreteriajulia.com\/tienda\/\"},{\"@type\":\"ListItem\",\"position\":2,\"name\":\"Tienda online\",\"item\":\"https:\/\/ferreteriajulia.com\/tienda\/shop\/\"},{\"@type\":\"ListItem\",\"position\":3,\"name\":\"v\u00e1lvula bola ARCO NILE 3\/4&#8243; Hembra\"}]},{\"@type\":\"WebSite\",\"@id\":\"https:\/\/ferreteriajulia.com\/tienda\/#website\",\"url\":\"https:\/\/ferreteriajulia.com\/tienda\/\",\"name\":\"Ferreter\u00eda Juli\u00e0\",\"description\":\"Ferreter\u00eda generalista, material para intalaciones y reparaciones.\",\"publisher\":{\"@id\":\"https:\/\/ferreteriajulia.com\/tienda\/#organization\"},\"potentialAction\":[{\"@type\":\"SearchAction\",\"target\":{\"@type\":\"EntryPoint\",\"urlTemplate\":\"https:\/\/ferreteriajulia.com\/tienda\/?s={search_term_string}\"},\"query-input\":{\"@type\":\"PropertyValueSpecification\",\"valueRequired\":true,\"valueName\":\"search_term_string\"}}],\"inLanguage\":\"es\"},{\"@type\":\"Organization\",\"@id\":\"https:\/\/ferreteriajulia.com\/tienda\/#organization\",\"name\":\"Ferreter\u00eda Juli\u00e0\",\"url\":\"https:\/\/ferreteriajulia.com\/tienda\/\",\"logo\":{\"@type\":\"ImageObject\",\"inLanguage\":\"es\",\"@id\":\"https:\/\/ferreteriajulia.com\/tienda\/#\/schema\/logo\/image\/\",\"url\":\"https:\/\/ferreteriajulia.com\/tienda\/wp-content\/uploads\/2023\/04\/LOGO_Ferreteria_Julia_HD-e1680625558319.png\",\"contentUrl\":\"https:\/\/ferreteriajulia.com\/tienda\/wp-content\/uploads\/2023\/04\/LOGO_Ferreteria_Julia_HD-e1680625558319.png\",\"width\":240,\"height\":89,\"caption\":\"Ferreter\u00eda Juli\u00e0\"},\"image\":{\"@id\":\"https:\/\/ferreteriajulia.com\/tienda\/#\/schema\/logo\/image\/\"}}]}<\/script>\n<!-- \/ Yoast SEO plugin. -->","yoast_head_json":{"title":"v\u00e1lvula bola ARCO NILE 3\/4\" Hembra - Ferreter\u00eda Juli\u00e0","description":"v\u00e1lvula bola ARCO NILE 3\/4\" Hembra - Ferreter\u00eda Juli\u00e0 - Ferreter\u00eda en Barcelona y venta On-line - telf.933 59 84 12 - info@ferreteriajulia.com - Gran variedad de productos","robots":{"index":"index","follow":"follow","max-snippet":"max-snippet:-1","max-image-preview":"max-image-preview:large","max-video-preview":"max-video-preview:-1"},"canonical":"https:\/\/ferreteriajulia.com\/tienda\/producto\/valvula-bola-arco-nile-3-4-hembra\/","og_locale":"es_ES","og_type":"article","og_title":"v\u00e1lvula bola ARCO NILE 3\/4\" Hembra - Ferreter\u00eda Juli\u00e0","og_description":"v\u00e1lvula bola ARCO NILE 3\/4\" Hembra - Ferreter\u00eda Juli\u00e0 - Ferreter\u00eda en Barcelona y venta On-line - telf.933 59 84 12 - info@ferreteriajulia.com - Gran variedad de productos","og_url":"https:\/\/ferreteriajulia.com\/tienda\/producto\/valvula-bola-arco-nile-3-4-hembra\/","og_site_name":"Ferreter\u00eda Juli\u00e0","article_modified_time":"2026-03-21T08:50:35+00:00","og_image":[{"width":932,"height":802,"url":"https:\/\/ferreteriajulia.com\/tienda\/wp-content\/uploads\/2021\/07\/valvula-esfera-Arco-nile.png","type":"image\/png"}],"twitter_card":"summary_large_image","twitter_misc":{"Tiempo de lectura":"2 minutos"},"schema":{"@context":"https:\/\/schema.org","@graph":[{"@type":"WebPage","@id":"https:\/\/ferreteriajulia.com\/tienda\/producto\/valvula-bola-arco-nile-3-4-hembra\/","url":"https:\/\/ferreteriajulia.com\/tienda\/producto\/valvula-bola-arco-nile-3-4-hembra\/","name":"v\u00e1lvula bola ARCO NILE 3\/4\" Hembra - Ferreter\u00eda Juli\u00e0","isPartOf":{"@id":"https:\/\/ferreteriajulia.com\/tienda\/#website"},"primaryImageOfPage":{"@id":"https:\/\/ferreteriajulia.com\/tienda\/producto\/valvula-bola-arco-nile-3-4-hembra\/#primaryimage"},"image":{"@id":"https:\/\/ferreteriajulia.com\/tienda\/producto\/valvula-bola-arco-nile-3-4-hembra\/#primaryimage"},"thumbnailUrl":"https:\/\/ferreteriajulia.com\/tienda\/wp-content\/uploads\/2021\/07\/valvula-esfera-Arco-nile.png","datePublished":"2021-07-07T09:42:22+00:00","dateModified":"2026-03-21T08:50:35+00:00","description":"v\u00e1lvula bola ARCO NILE 3\/4\" Hembra - Ferreter\u00eda Juli\u00e0 - Ferreter\u00eda en Barcelona y venta On-line - telf.933 59 84 12 - info@ferreteriajulia.com - Gran variedad de productos","breadcrumb":{"@id":"https:\/\/ferreteriajulia.com\/tienda\/producto\/valvula-bola-arco-nile-3-4-hembra\/#breadcrumb"},"inLanguage":"es","potentialAction":[{"@type":"ReadAction","target":["https:\/\/ferreteriajulia.com\/tienda\/producto\/valvula-bola-arco-nile-3-4-hembra\/"]}]},{"@type":"ImageObject","inLanguage":"es","@id":"https:\/\/ferreteriajulia.com\/tienda\/producto\/valvula-bola-arco-nile-3-4-hembra\/#primaryimage","url":"https:\/\/ferreteriajulia.com\/tienda\/wp-content\/uploads\/2021\/07\/valvula-esfera-Arco-nile.png","contentUrl":"https:\/\/ferreteriajulia.com\/tienda\/wp-content\/uploads\/2021\/07\/valvula-esfera-Arco-nile.png","width":932,"height":802},{"@type":"BreadcrumbList","@id":"https:\/\/ferreteriajulia.com\/tienda\/producto\/valvula-bola-arco-nile-3-4-hembra\/#breadcrumb","itemListElement":[{"@type":"ListItem","position":1,"name":"Portada","item":"https:\/\/ferreteriajulia.com\/tienda\/"},{"@type":"ListItem","position":2,"name":"Tienda online","item":"https:\/\/ferreteriajulia.com\/tienda\/shop\/"},{"@type":"ListItem","position":3,"name":"v\u00e1lvula bola ARCO NILE 3\/4&#8243; Hembra"}]},{"@type":"WebSite","@id":"https:\/\/ferreteriajulia.com\/tienda\/#website","url":"https:\/\/ferreteriajulia.com\/tienda\/","name":"Ferreter\u00eda Juli\u00e0","description":"Ferreter\u00eda generalista, material para intalaciones y reparaciones.","publisher":{"@id":"https:\/\/ferreteriajulia.com\/tienda\/#organization"},"potentialAction":[{"@type":"SearchAction","target":{"@type":"EntryPoint","urlTemplate":"https:\/\/ferreteriajulia.com\/tienda\/?s={search_term_string}"},"query-input":{"@type":"PropertyValueSpecification","valueRequired":true,"valueName":"search_term_string"}}],"inLanguage":"es"},{"@type":"Organization","@id":"https:\/\/ferreteriajulia.com\/tienda\/#organization","name":"Ferreter\u00eda Juli\u00e0","url":"https:\/\/ferreteriajulia.com\/tienda\/","logo":{"@type":"ImageObject","inLanguage":"es","@id":"https:\/\/ferreteriajulia.com\/tienda\/#\/schema\/logo\/image\/","url":"https:\/\/ferreteriajulia.com\/tienda\/wp-content\/uploads\/2023\/04\/LOGO_Ferreteria_Julia_HD-e1680625558319.png","contentUrl":"https:\/\/ferreteriajulia.com\/tienda\/wp-content\/uploads\/2023\/04\/LOGO_Ferreteria_Julia_HD-e1680625558319.png","width":240,"height":89,"caption":"Ferreter\u00eda Juli\u00e0"},"image":{"@id":"https:\/\/ferreteriajulia.com\/tienda\/#\/schema\/logo\/image\/"}}]}},"_links":{"self":[{"href":"https:\/\/ferreteriajulia.com\/tienda\/wp-json\/wp\/v2\/product\/13922","targetHints":{"allow":["GET"]}}],"collection":[{"href":"https:\/\/ferreteriajulia.com\/tienda\/wp-json\/wp\/v2\/product"}],"about":[{"href":"https:\/\/ferreteriajulia.com\/tienda\/wp-json\/wp\/v2\/types\/product"}],"wp:featuredmedia":[{"embeddable":true,"href":"https:\/\/ferreteriajulia.com\/tienda\/wp-json\/wp\/v2\/media\/20787"}],"wp:attachment":[{"href":"https:\/\/ferreteriajulia.com\/tienda\/wp-json\/wp\/v2\/media?parent=13922"}],"wp:term":[{"taxonomy":"product_brand","embeddable":true,"href":"https:\/\/ferreteriajulia.com\/tienda\/wp-json\/wp\/v2\/product_brand?post=13922"},{"taxonomy":"product_cat","embeddable":true,"href":"https:\/\/ferreteriajulia.com\/tienda\/wp-json\/wp\/v2\/product_cat?post=13922"},{"taxonomy":"product_tag","embeddable":true,"href":"https:\/\/ferreteriajulia.com\/tienda\/wp-json\/wp\/v2\/product_tag?post=13922"}],"curies":[{"name":"wp","href":"https:\/\/api.w.org\/{rel}","templated":true}]}}