{"id":19455,"date":"2024-06-11T12:46:14","date_gmt":"2024-06-11T10:46:14","guid":{"rendered":"https:\/\/ferreteriajulia.com\/tienda\/?post_type=product&#038;p=19455"},"modified":"2026-03-07T12:31:56","modified_gmt":"2026-03-07T11:31:56","slug":"caja-taco-fischer-sx-plus-12x60-25u","status":"publish","type":"product","link":"https:\/\/ferreteriajulia.com\/tienda\/producto\/caja-taco-fischer-sx-plus-12x60-25u\/","title":{"rendered":"caja taco Fischer SX Plus 12&#215;60 25u."},"content":{"rendered":"<p>caja taco Fischer SX Plus 12&#215;60<\/p>\n<p>25 unidades, referencia Fischer 568012<\/p>\n<ul>\n<li>Transmisi\u00f3n de fuerza \u00f3ptima debido a la expansi\u00f3n de cuatro v\u00edas.<\/li>\n<li>Esto permite altos valores de sujeci\u00f3n en materiales de construcci\u00f3n s\u00f3lidos y huecos.<\/li>\n<li>F\u00e1cil de montar: El borde del enchufe evita que se deslice m\u00e1s profundamente en el agujero del taladro.<\/li>\n<li>Sin presi\u00f3n de expansi\u00f3n en el cuello del enchufe. Esto significa que no se da\u00f1an los azulejos o el yeso.<\/li>\n<\/ul>\n<p>El taco de expansi\u00f3n SX de fischer distribuye la fuerza de forma \u00f3ptima en el material de construcci\u00f3n gracias a la expansi\u00f3n cu\u00e1druple. Adem\u00e1s de la t\u00edpica expansi\u00f3n, el Nylon de gran calidad utilizado para su fabricaci\u00f3n garantiza una fijaci\u00f3n segura y duradera. El taco se oferta en las medidas de 4 x 20 a 16 x 80 mm y con tornillo opcional. El taco de expansi\u00f3n SX de fischer es la primera elecci\u00f3n en la fijaci\u00f3n de, por ejemplo, luces, regletas, ba\u00f1os e inodoros, as\u00ed como armarios de pared ligeros en hormig\u00f3n y hormig\u00f3n poroso, pero tambi\u00e9n en mamposter\u00eda de materiales macizos y perforados. Las variantes con borde incorporado impiden que el taco se hunda en la perforaci\u00f3n. Ideal para fijaciones en materiales perforados, en hormig\u00f3n poroso y en revestimientos de revoque son las variantes con una mayor profundidad de anclaje.<\/p>\n<p>&nbsp;<\/p>\n<p>Aconsejamos usar brocas de calidad para paredes y hormig\u00f3n:<\/p>\n<blockquote class=\"wp-embedded-content\" data-secret=\"TNtWlYobRj\"><p><a href=\"https:\/\/ferreteriajulia.com\/tienda\/producto\/broca-pared-carburo-tungsteno-irwin-12mm\/\">broca pared carburo tungsteno IRWIN 12mm<\/a><\/p><\/blockquote>\n<p><iframe loading=\"lazy\" class=\"wp-embedded-content\" sandbox=\"allow-scripts\" security=\"restricted\" style=\"position: absolute; visibility: hidden;\" title=\"\u00abbroca pared carburo tungsteno IRWIN 12mm\u00bb \u2014 Ferreter\u00eda Juli\u00e0\" src=\"https:\/\/ferreteriajulia.com\/tienda\/producto\/broca-pared-carburo-tungsteno-irwin-12mm\/embed\/#?secret=wbOfa5J9vb#?secret=TNtWlYobRj\" data-secret=\"TNtWlYobRj\" width=\"600\" height=\"338\" frameborder=\"0\" marginwidth=\"0\" marginheight=\"0\" scrolling=\"no\"><\/iframe><\/p>\n<p>&nbsp;<\/p>\n<p>&nbsp;<\/p>\n","protected":false},"excerpt":{"rendered":"<p>caja taco Fischer SX Plus 10&#215;50 50u.<\/p>\n","protected":false},"featured_media":19456,"template":"","meta":{"_monsterinsights_skip_tracking":false,"_monsterinsights_sitenote_active":false,"_monsterinsights_sitenote_note":"","_monsterinsights_sitenote_category":0},"product_brand":[],"product_cat":[690],"product_tag":[],"class_list":{"0":"post-19455","1":"product","2":"type-product","3":"status-publish","4":"has-post-thumbnail","6":"product_cat-tacos","8":"first","9":"instock","10":"taxable","11":"shipping-taxable","12":"purchasable","13":"product-type-simple"},"yoast_head":"<!-- This site is optimized with the Yoast SEO plugin v27.4 - https:\/\/yoast.com\/product\/yoast-seo-wordpress\/ -->\n<title>caja taco Fischer SX Plus 12x60 25u. - Ferreter\u00eda Juli\u00e0<\/title>\n<meta name=\"description\" content=\"caja taco Fischer SX Plus 12x60 25u. - Ferreter\u00eda Juli\u00e0 - Ferreter\u00eda en Barcelona - 933 59 84 12 - info@ferreteriajulia.com - Gran variedad de productos\" \/>\n<meta name=\"robots\" content=\"index, follow, max-snippet:-1, max-image-preview:large, max-video-preview:-1\" \/>\n<link rel=\"canonical\" href=\"https:\/\/ferreteriajulia.com\/tienda\/producto\/caja-taco-fischer-sx-plus-12x60-25u\/\" \/>\n<meta property=\"og:locale\" content=\"es_ES\" \/>\n<meta property=\"og:type\" content=\"article\" \/>\n<meta property=\"og:title\" content=\"caja taco Fischer SX Plus 12x60 25u. - Ferreter\u00eda Juli\u00e0\" \/>\n<meta property=\"og:description\" content=\"caja taco Fischer SX Plus 12x60 25u. - Ferreter\u00eda Juli\u00e0 - Ferreter\u00eda en Barcelona - 933 59 84 12 - info@ferreteriajulia.com - Gran variedad de productos\" \/>\n<meta property=\"og:url\" content=\"https:\/\/ferreteriajulia.com\/tienda\/producto\/caja-taco-fischer-sx-plus-12x60-25u\/\" \/>\n<meta property=\"og:site_name\" content=\"Ferreter\u00eda Juli\u00e0\" \/>\n<meta property=\"article:modified_time\" content=\"2026-03-07T11:31:56+00:00\" \/>\n<meta property=\"og:image\" content=\"https:\/\/ferreteriajulia.com\/tienda\/wp-content\/uploads\/2024\/06\/caja-taco-fischer-SX-plus-12.png\" \/>\n\t<meta property=\"og:image:width\" content=\"1412\" \/>\n\t<meta property=\"og:image:height\" content=\"1240\" \/>\n\t<meta property=\"og:image:type\" content=\"image\/png\" \/>\n<meta name=\"twitter:card\" content=\"summary_large_image\" \/>\n<meta name=\"twitter:label1\" content=\"Tiempo de lectura\" \/>\n\t<meta name=\"twitter:data1\" content=\"2 minutos\" \/>\n<script type=\"application\/ld+json\" class=\"yoast-schema-graph\">{\"@context\":\"https:\\\/\\\/schema.org\",\"@graph\":[{\"@type\":\"WebPage\",\"@id\":\"https:\\\/\\\/ferreteriajulia.com\\\/tienda\\\/producto\\\/caja-taco-fischer-sx-plus-12x60-25u\\\/\",\"url\":\"https:\\\/\\\/ferreteriajulia.com\\\/tienda\\\/producto\\\/caja-taco-fischer-sx-plus-12x60-25u\\\/\",\"name\":\"caja taco Fischer SX Plus 12x60 25u. - Ferreter\u00eda Juli\u00e0\",\"isPartOf\":{\"@id\":\"https:\\\/\\\/ferreteriajulia.com\\\/tienda\\\/#website\"},\"primaryImageOfPage\":{\"@id\":\"https:\\\/\\\/ferreteriajulia.com\\\/tienda\\\/producto\\\/caja-taco-fischer-sx-plus-12x60-25u\\\/#primaryimage\"},\"image\":{\"@id\":\"https:\\\/\\\/ferreteriajulia.com\\\/tienda\\\/producto\\\/caja-taco-fischer-sx-plus-12x60-25u\\\/#primaryimage\"},\"thumbnailUrl\":\"https:\\\/\\\/ferreteriajulia.com\\\/tienda\\\/wp-content\\\/uploads\\\/2024\\\/06\\\/caja-taco-fischer-SX-plus-12.png\",\"datePublished\":\"2024-06-11T10:46:14+00:00\",\"dateModified\":\"2026-03-07T11:31:56+00:00\",\"description\":\"caja taco Fischer SX Plus 12x60 25u. - Ferreter\u00eda Juli\u00e0 - Ferreter\u00eda en Barcelona - 933 59 84 12 - info@ferreteriajulia.com - Gran variedad de productos\",\"breadcrumb\":{\"@id\":\"https:\\\/\\\/ferreteriajulia.com\\\/tienda\\\/producto\\\/caja-taco-fischer-sx-plus-12x60-25u\\\/#breadcrumb\"},\"inLanguage\":\"es\",\"potentialAction\":[{\"@type\":\"ReadAction\",\"target\":[\"https:\\\/\\\/ferreteriajulia.com\\\/tienda\\\/producto\\\/caja-taco-fischer-sx-plus-12x60-25u\\\/\"]}]},{\"@type\":\"ImageObject\",\"inLanguage\":\"es\",\"@id\":\"https:\\\/\\\/ferreteriajulia.com\\\/tienda\\\/producto\\\/caja-taco-fischer-sx-plus-12x60-25u\\\/#primaryimage\",\"url\":\"https:\\\/\\\/ferreteriajulia.com\\\/tienda\\\/wp-content\\\/uploads\\\/2024\\\/06\\\/caja-taco-fischer-SX-plus-12.png\",\"contentUrl\":\"https:\\\/\\\/ferreteriajulia.com\\\/tienda\\\/wp-content\\\/uploads\\\/2024\\\/06\\\/caja-taco-fischer-SX-plus-12.png\",\"width\":1412,\"height\":1240},{\"@type\":\"BreadcrumbList\",\"@id\":\"https:\\\/\\\/ferreteriajulia.com\\\/tienda\\\/producto\\\/caja-taco-fischer-sx-plus-12x60-25u\\\/#breadcrumb\",\"itemListElement\":[{\"@type\":\"ListItem\",\"position\":1,\"name\":\"Portada\",\"item\":\"https:\\\/\\\/ferreteriajulia.com\\\/tienda\\\/\"},{\"@type\":\"ListItem\",\"position\":2,\"name\":\"Tienda online\",\"item\":\"https:\\\/\\\/ferreteriajulia.com\\\/tienda\\\/shop\\\/\"},{\"@type\":\"ListItem\",\"position\":3,\"name\":\"caja taco Fischer SX Plus 12&#215;60 25u.\"}]},{\"@type\":\"WebSite\",\"@id\":\"https:\\\/\\\/ferreteriajulia.com\\\/tienda\\\/#website\",\"url\":\"https:\\\/\\\/ferreteriajulia.com\\\/tienda\\\/\",\"name\":\"Ferreter\u00eda Juli\u00e0\",\"description\":\"Ferreter\u00eda generalista, material para intalaciones y reparaciones.\",\"publisher\":{\"@id\":\"https:\\\/\\\/ferreteriajulia.com\\\/tienda\\\/#organization\"},\"potentialAction\":[{\"@type\":\"SearchAction\",\"target\":{\"@type\":\"EntryPoint\",\"urlTemplate\":\"https:\\\/\\\/ferreteriajulia.com\\\/tienda\\\/?s={search_term_string}\"},\"query-input\":{\"@type\":\"PropertyValueSpecification\",\"valueRequired\":true,\"valueName\":\"search_term_string\"}}],\"inLanguage\":\"es\"},{\"@type\":\"Organization\",\"@id\":\"https:\\\/\\\/ferreteriajulia.com\\\/tienda\\\/#organization\",\"name\":\"Ferreter\u00eda Juli\u00e0\",\"url\":\"https:\\\/\\\/ferreteriajulia.com\\\/tienda\\\/\",\"logo\":{\"@type\":\"ImageObject\",\"inLanguage\":\"es\",\"@id\":\"https:\\\/\\\/ferreteriajulia.com\\\/tienda\\\/#\\\/schema\\\/logo\\\/image\\\/\",\"url\":\"https:\\\/\\\/ferreteriajulia.com\\\/tienda\\\/wp-content\\\/uploads\\\/2023\\\/04\\\/LOGO_Ferreteria_Julia_HD-e1680625558319.png\",\"contentUrl\":\"https:\\\/\\\/ferreteriajulia.com\\\/tienda\\\/wp-content\\\/uploads\\\/2023\\\/04\\\/LOGO_Ferreteria_Julia_HD-e1680625558319.png\",\"width\":240,\"height\":89,\"caption\":\"Ferreter\u00eda Juli\u00e0\"},\"image\":{\"@id\":\"https:\\\/\\\/ferreteriajulia.com\\\/tienda\\\/#\\\/schema\\\/logo\\\/image\\\/\"}}]}<\/script>\n<!-- \/ Yoast SEO plugin. -->","yoast_head_json":{"title":"caja taco Fischer SX Plus 12x60 25u. - Ferreter\u00eda Juli\u00e0","description":"caja taco Fischer SX Plus 12x60 25u. - Ferreter\u00eda Juli\u00e0 - Ferreter\u00eda en Barcelona - 933 59 84 12 - info@ferreteriajulia.com - Gran variedad de productos","robots":{"index":"index","follow":"follow","max-snippet":"max-snippet:-1","max-image-preview":"max-image-preview:large","max-video-preview":"max-video-preview:-1"},"canonical":"https:\/\/ferreteriajulia.com\/tienda\/producto\/caja-taco-fischer-sx-plus-12x60-25u\/","og_locale":"es_ES","og_type":"article","og_title":"caja taco Fischer SX Plus 12x60 25u. - Ferreter\u00eda Juli\u00e0","og_description":"caja taco Fischer SX Plus 12x60 25u. - Ferreter\u00eda Juli\u00e0 - Ferreter\u00eda en Barcelona - 933 59 84 12 - info@ferreteriajulia.com - Gran variedad de productos","og_url":"https:\/\/ferreteriajulia.com\/tienda\/producto\/caja-taco-fischer-sx-plus-12x60-25u\/","og_site_name":"Ferreter\u00eda Juli\u00e0","article_modified_time":"2026-03-07T11:31:56+00:00","og_image":[{"width":1412,"height":1240,"url":"https:\/\/ferreteriajulia.com\/tienda\/wp-content\/uploads\/2024\/06\/caja-taco-fischer-SX-plus-12.png","type":"image\/png"}],"twitter_card":"summary_large_image","twitter_misc":{"Tiempo de lectura":"2 minutos"},"schema":{"@context":"https:\/\/schema.org","@graph":[{"@type":"WebPage","@id":"https:\/\/ferreteriajulia.com\/tienda\/producto\/caja-taco-fischer-sx-plus-12x60-25u\/","url":"https:\/\/ferreteriajulia.com\/tienda\/producto\/caja-taco-fischer-sx-plus-12x60-25u\/","name":"caja taco Fischer SX Plus 12x60 25u. - Ferreter\u00eda Juli\u00e0","isPartOf":{"@id":"https:\/\/ferreteriajulia.com\/tienda\/#website"},"primaryImageOfPage":{"@id":"https:\/\/ferreteriajulia.com\/tienda\/producto\/caja-taco-fischer-sx-plus-12x60-25u\/#primaryimage"},"image":{"@id":"https:\/\/ferreteriajulia.com\/tienda\/producto\/caja-taco-fischer-sx-plus-12x60-25u\/#primaryimage"},"thumbnailUrl":"https:\/\/ferreteriajulia.com\/tienda\/wp-content\/uploads\/2024\/06\/caja-taco-fischer-SX-plus-12.png","datePublished":"2024-06-11T10:46:14+00:00","dateModified":"2026-03-07T11:31:56+00:00","description":"caja taco Fischer SX Plus 12x60 25u. - Ferreter\u00eda Juli\u00e0 - Ferreter\u00eda en Barcelona - 933 59 84 12 - info@ferreteriajulia.com - Gran variedad de productos","breadcrumb":{"@id":"https:\/\/ferreteriajulia.com\/tienda\/producto\/caja-taco-fischer-sx-plus-12x60-25u\/#breadcrumb"},"inLanguage":"es","potentialAction":[{"@type":"ReadAction","target":["https:\/\/ferreteriajulia.com\/tienda\/producto\/caja-taco-fischer-sx-plus-12x60-25u\/"]}]},{"@type":"ImageObject","inLanguage":"es","@id":"https:\/\/ferreteriajulia.com\/tienda\/producto\/caja-taco-fischer-sx-plus-12x60-25u\/#primaryimage","url":"https:\/\/ferreteriajulia.com\/tienda\/wp-content\/uploads\/2024\/06\/caja-taco-fischer-SX-plus-12.png","contentUrl":"https:\/\/ferreteriajulia.com\/tienda\/wp-content\/uploads\/2024\/06\/caja-taco-fischer-SX-plus-12.png","width":1412,"height":1240},{"@type":"BreadcrumbList","@id":"https:\/\/ferreteriajulia.com\/tienda\/producto\/caja-taco-fischer-sx-plus-12x60-25u\/#breadcrumb","itemListElement":[{"@type":"ListItem","position":1,"name":"Portada","item":"https:\/\/ferreteriajulia.com\/tienda\/"},{"@type":"ListItem","position":2,"name":"Tienda online","item":"https:\/\/ferreteriajulia.com\/tienda\/shop\/"},{"@type":"ListItem","position":3,"name":"caja taco Fischer SX Plus 12&#215;60 25u."}]},{"@type":"WebSite","@id":"https:\/\/ferreteriajulia.com\/tienda\/#website","url":"https:\/\/ferreteriajulia.com\/tienda\/","name":"Ferreter\u00eda Juli\u00e0","description":"Ferreter\u00eda generalista, material para intalaciones y reparaciones.","publisher":{"@id":"https:\/\/ferreteriajulia.com\/tienda\/#organization"},"potentialAction":[{"@type":"SearchAction","target":{"@type":"EntryPoint","urlTemplate":"https:\/\/ferreteriajulia.com\/tienda\/?s={search_term_string}"},"query-input":{"@type":"PropertyValueSpecification","valueRequired":true,"valueName":"search_term_string"}}],"inLanguage":"es"},{"@type":"Organization","@id":"https:\/\/ferreteriajulia.com\/tienda\/#organization","name":"Ferreter\u00eda Juli\u00e0","url":"https:\/\/ferreteriajulia.com\/tienda\/","logo":{"@type":"ImageObject","inLanguage":"es","@id":"https:\/\/ferreteriajulia.com\/tienda\/#\/schema\/logo\/image\/","url":"https:\/\/ferreteriajulia.com\/tienda\/wp-content\/uploads\/2023\/04\/LOGO_Ferreteria_Julia_HD-e1680625558319.png","contentUrl":"https:\/\/ferreteriajulia.com\/tienda\/wp-content\/uploads\/2023\/04\/LOGO_Ferreteria_Julia_HD-e1680625558319.png","width":240,"height":89,"caption":"Ferreter\u00eda Juli\u00e0"},"image":{"@id":"https:\/\/ferreteriajulia.com\/tienda\/#\/schema\/logo\/image\/"}}]}},"_links":{"self":[{"href":"https:\/\/ferreteriajulia.com\/tienda\/wp-json\/wp\/v2\/product\/19455","targetHints":{"allow":["GET"]}}],"collection":[{"href":"https:\/\/ferreteriajulia.com\/tienda\/wp-json\/wp\/v2\/product"}],"about":[{"href":"https:\/\/ferreteriajulia.com\/tienda\/wp-json\/wp\/v2\/types\/product"}],"wp:featuredmedia":[{"embeddable":true,"href":"https:\/\/ferreteriajulia.com\/tienda\/wp-json\/wp\/v2\/media\/19456"}],"wp:attachment":[{"href":"https:\/\/ferreteriajulia.com\/tienda\/wp-json\/wp\/v2\/media?parent=19455"}],"wp:term":[{"taxonomy":"product_brand","embeddable":true,"href":"https:\/\/ferreteriajulia.com\/tienda\/wp-json\/wp\/v2\/product_brand?post=19455"},{"taxonomy":"product_cat","embeddable":true,"href":"https:\/\/ferreteriajulia.com\/tienda\/wp-json\/wp\/v2\/product_cat?post=19455"},{"taxonomy":"product_tag","embeddable":true,"href":"https:\/\/ferreteriajulia.com\/tienda\/wp-json\/wp\/v2\/product_tag?post=19455"}],"curies":[{"name":"wp","href":"https:\/\/api.w.org\/{rel}","templated":true}]}}