{"id":5154,"date":"2014-10-29T18:14:25","date_gmt":"2014-10-29T17:14:25","guid":{"rendered":"http:\/\/ferreteriajulia.com\/tienda\/?post_type=product&#038;p=5154"},"modified":"2023-11-22T16:35:20","modified_gmt":"2023-11-22T15:35:20","slug":"estuche-puntas-atornillar-32p","status":"publish","type":"product","link":"https:\/\/ferreteriajulia.com\/tienda\/producto\/estuche-puntas-atornillar-32p\/","title":{"rendered":"estuche puntas atornillar 32p"},"content":{"rendered":"<p>estuche HIKOKI puntas atornillar 32p<\/p>\n<div id=\"description\" class=\"data item content description\" data-was-processed=\"true\" data-role=\"content-visible\">\n<div class=\"product attribute description\" data-was-processed=\"true\">\n<div class=\"value\" data-was-processed=\"true\">\n<ul>\n<li>1x PH 1 Bit 25 mm<\/li>\n<li>2x PH 2-Bit 25 mm<\/li>\n<li>1x PH 3-Bit 25 mm<\/li>\n<li>1x PZ 1 Bit 25 mm<\/li>\n<li>2x PZ 2 Bit 25 mm<\/li>\n<li>1x PZ 3 Bit 25 mm<\/li>\n<li>1x PLANA 3,5 Bit 25 mm<\/li>\n<li>1x PLANA 4,5 Bit 25 mm<\/li>\n<li>1x PLANA 5,5 bit 25 mm<\/li>\n<li>1x PLANA 6,5 Bit 25 mm<\/li>\n<li>1x ALLEN 3 Bit 25 mm<\/li>\n<li>1x ALLEN 4 Bit 25 mm<\/li>\n<li>1x ALLEN 5 Bit 25 mm<\/li>\n<li>1x ALLEN 6 Bit 25 mm<\/li>\n<li>1x Torx 10 Bit 25 mm<\/li>\n<li>1x Torx 15 Bit 25 mm<\/li>\n<li>1x Torx 20 Bit 25 mm<\/li>\n<li>1x Torx 25 Bit 25 mm<\/li>\n<li>1x Torx 27 Bit 25 mm<\/li>\n<li>1x Torx 30 Bit 25 mm<\/li>\n<li>1x Torx 40 Bit 25 mm<\/li>\n<li>1x Torx INVIOLABLE 10 Bit 25 mm<\/li>\n<li>1x Torx INVIOLABLE 15 Bit 25 mm<\/li>\n<li>1x Torx INVIOLABLE 20 Bit 25 mm<\/li>\n<li>1x Torx INVIOLABLE 25 Bit 25 mm<\/li>\n<li>1x Torx INVIOLABLE 27 Bit 25 mm<\/li>\n<li>1x Torx INVIOLABLE 30 Bit 25 mm<\/li>\n<li>1x Torx INVIOLABLE 40 Bit 25 mm<\/li>\n<li>portapuntas 1\/4&#8243; magn\u00e9tico<\/li>\n<li>adaptador vasos 1\/4&#8243; hex\u00e1gono 1\/4&#8243;<\/li>\n<\/ul>\n<\/div>\n<\/div>\n<\/div>\n<div id=\"additional\" class=\"data item content additional\" data-role=\"content-visible\" data-was-processed=\"true\"><\/div>\n","protected":false},"excerpt":{"rendered":"<p>estuche HIKOKI puntas atornillar 32p 1x PH 1 Bit 25 mm 2x PH 2-Bit 25 mm 1x PH 3-Bit 25 mm 1x PZ 1 Bit 25 mm 2x PZ 2 Bit 25 mm 1x PZ 3 Bit 25 mm 1x PLANA 3,5 Bit 25 mm 1x PLANA 4,5 Bit 25 mm 1x PLANA 5,5 bit [&#8230;]\n","protected":false},"featured_media":17565,"template":"","meta":{"_monsterinsights_skip_tracking":false,"_monsterinsights_sitenote_active":false,"_monsterinsights_sitenote_note":"","_monsterinsights_sitenote_category":0},"product_brand":[275],"product_cat":[867],"product_tag":[],"class_list":{"0":"post-5154","1":"product","2":"type-product","3":"status-publish","4":"has-post-thumbnail","6":"product_brand-275","7":"product_cat-portapuntas-y-puntas-atornillar-1-4","9":"first","10":"instock","11":"taxable","12":"shipping-taxable","13":"purchasable","14":"product-type-simple"},"yoast_head":"<!-- This site is optimized with the Yoast SEO plugin v27.4 - https:\/\/yoast.com\/product\/yoast-seo-wordpress\/ -->\n<title>estuche puntas atornillar 32p - Ferreter\u00eda Juli\u00e0<\/title>\n<meta name=\"description\" content=\"estuche puntas atornillar 32p - Ferreter\u00eda Juli\u00e0 - Ferreter\u00eda Barcelona - 933 59 84 12 - info@ferreteriajulia.com - Gran variedad de productos\" \/>\n<meta name=\"robots\" content=\"index, follow, max-snippet:-1, max-image-preview:large, max-video-preview:-1\" \/>\n<link rel=\"canonical\" href=\"https:\/\/ferreteriajulia.com\/tienda\/producto\/estuche-puntas-atornillar-32p\/\" \/>\n<meta property=\"og:locale\" content=\"es_ES\" \/>\n<meta property=\"og:type\" content=\"article\" \/>\n<meta property=\"og:title\" content=\"estuche puntas atornillar 32p - Ferreter\u00eda Juli\u00e0\" \/>\n<meta property=\"og:description\" content=\"estuche puntas atornillar 32p - Ferreter\u00eda Juli\u00e0 - Ferreter\u00eda Barcelona - 933 59 84 12 - info@ferreteriajulia.com - Gran variedad de productos\" \/>\n<meta property=\"og:url\" content=\"https:\/\/ferreteriajulia.com\/tienda\/producto\/estuche-puntas-atornillar-32p\/\" \/>\n<meta property=\"og:site_name\" content=\"Ferreter\u00eda Juli\u00e0\" \/>\n<meta property=\"article:modified_time\" content=\"2023-11-22T15:35:20+00:00\" \/>\n<meta property=\"og:image\" content=\"https:\/\/ferreteriajulia.com\/tienda\/wp-content\/uploads\/2014\/10\/estuche-puntas-hikoki.png\" \/>\n\t<meta property=\"og:image:width\" content=\"853\" \/>\n\t<meta property=\"og:image:height\" content=\"768\" \/>\n\t<meta property=\"og:image:type\" content=\"image\/png\" \/>\n<meta name=\"twitter:card\" content=\"summary_large_image\" \/>\n<meta name=\"twitter:label1\" content=\"Tiempo de lectura\" \/>\n\t<meta name=\"twitter:data1\" content=\"1 minuto\" \/>\n<script type=\"application\/ld+json\" class=\"yoast-schema-graph\">{\"@context\":\"https:\\\/\\\/schema.org\",\"@graph\":[{\"@type\":\"WebPage\",\"@id\":\"https:\\\/\\\/ferreteriajulia.com\\\/tienda\\\/producto\\\/estuche-puntas-atornillar-32p\\\/\",\"url\":\"https:\\\/\\\/ferreteriajulia.com\\\/tienda\\\/producto\\\/estuche-puntas-atornillar-32p\\\/\",\"name\":\"estuche puntas atornillar 32p - Ferreter\u00eda Juli\u00e0\",\"isPartOf\":{\"@id\":\"https:\\\/\\\/ferreteriajulia.com\\\/tienda\\\/#website\"},\"primaryImageOfPage\":{\"@id\":\"https:\\\/\\\/ferreteriajulia.com\\\/tienda\\\/producto\\\/estuche-puntas-atornillar-32p\\\/#primaryimage\"},\"image\":{\"@id\":\"https:\\\/\\\/ferreteriajulia.com\\\/tienda\\\/producto\\\/estuche-puntas-atornillar-32p\\\/#primaryimage\"},\"thumbnailUrl\":\"https:\\\/\\\/ferreteriajulia.com\\\/tienda\\\/wp-content\\\/uploads\\\/2014\\\/10\\\/estuche-puntas-hikoki.png\",\"datePublished\":\"2014-10-29T17:14:25+00:00\",\"dateModified\":\"2023-11-22T15:35:20+00:00\",\"description\":\"estuche puntas atornillar 32p - Ferreter\u00eda Juli\u00e0 - Ferreter\u00eda Barcelona - 933 59 84 12 - info@ferreteriajulia.com - Gran variedad de productos\",\"breadcrumb\":{\"@id\":\"https:\\\/\\\/ferreteriajulia.com\\\/tienda\\\/producto\\\/estuche-puntas-atornillar-32p\\\/#breadcrumb\"},\"inLanguage\":\"es\",\"potentialAction\":[{\"@type\":\"ReadAction\",\"target\":[\"https:\\\/\\\/ferreteriajulia.com\\\/tienda\\\/producto\\\/estuche-puntas-atornillar-32p\\\/\"]}]},{\"@type\":\"ImageObject\",\"inLanguage\":\"es\",\"@id\":\"https:\\\/\\\/ferreteriajulia.com\\\/tienda\\\/producto\\\/estuche-puntas-atornillar-32p\\\/#primaryimage\",\"url\":\"https:\\\/\\\/ferreteriajulia.com\\\/tienda\\\/wp-content\\\/uploads\\\/2014\\\/10\\\/estuche-puntas-hikoki.png\",\"contentUrl\":\"https:\\\/\\\/ferreteriajulia.com\\\/tienda\\\/wp-content\\\/uploads\\\/2014\\\/10\\\/estuche-puntas-hikoki.png\",\"width\":853,\"height\":768},{\"@type\":\"BreadcrumbList\",\"@id\":\"https:\\\/\\\/ferreteriajulia.com\\\/tienda\\\/producto\\\/estuche-puntas-atornillar-32p\\\/#breadcrumb\",\"itemListElement\":[{\"@type\":\"ListItem\",\"position\":1,\"name\":\"Portada\",\"item\":\"https:\\\/\\\/ferreteriajulia.com\\\/tienda\\\/\"},{\"@type\":\"ListItem\",\"position\":2,\"name\":\"Tienda online\",\"item\":\"https:\\\/\\\/ferreteriajulia.com\\\/tienda\\\/shop\\\/\"},{\"@type\":\"ListItem\",\"position\":3,\"name\":\"estuche puntas atornillar 32p\"}]},{\"@type\":\"WebSite\",\"@id\":\"https:\\\/\\\/ferreteriajulia.com\\\/tienda\\\/#website\",\"url\":\"https:\\\/\\\/ferreteriajulia.com\\\/tienda\\\/\",\"name\":\"Ferreter\u00eda Juli\u00e0\",\"description\":\"Ferreter\u00eda generalista, material para intalaciones y reparaciones.\",\"publisher\":{\"@id\":\"https:\\\/\\\/ferreteriajulia.com\\\/tienda\\\/#organization\"},\"potentialAction\":[{\"@type\":\"SearchAction\",\"target\":{\"@type\":\"EntryPoint\",\"urlTemplate\":\"https:\\\/\\\/ferreteriajulia.com\\\/tienda\\\/?s={search_term_string}\"},\"query-input\":{\"@type\":\"PropertyValueSpecification\",\"valueRequired\":true,\"valueName\":\"search_term_string\"}}],\"inLanguage\":\"es\"},{\"@type\":\"Organization\",\"@id\":\"https:\\\/\\\/ferreteriajulia.com\\\/tienda\\\/#organization\",\"name\":\"Ferreter\u00eda Juli\u00e0\",\"url\":\"https:\\\/\\\/ferreteriajulia.com\\\/tienda\\\/\",\"logo\":{\"@type\":\"ImageObject\",\"inLanguage\":\"es\",\"@id\":\"https:\\\/\\\/ferreteriajulia.com\\\/tienda\\\/#\\\/schema\\\/logo\\\/image\\\/\",\"url\":\"https:\\\/\\\/ferreteriajulia.com\\\/tienda\\\/wp-content\\\/uploads\\\/2023\\\/04\\\/LOGO_Ferreteria_Julia_HD-e1680625558319.png\",\"contentUrl\":\"https:\\\/\\\/ferreteriajulia.com\\\/tienda\\\/wp-content\\\/uploads\\\/2023\\\/04\\\/LOGO_Ferreteria_Julia_HD-e1680625558319.png\",\"width\":240,\"height\":89,\"caption\":\"Ferreter\u00eda Juli\u00e0\"},\"image\":{\"@id\":\"https:\\\/\\\/ferreteriajulia.com\\\/tienda\\\/#\\\/schema\\\/logo\\\/image\\\/\"}}]}<\/script>\n<!-- \/ Yoast SEO plugin. -->","yoast_head_json":{"title":"estuche puntas atornillar 32p - Ferreter\u00eda Juli\u00e0","description":"estuche puntas atornillar 32p - Ferreter\u00eda Juli\u00e0 - Ferreter\u00eda Barcelona - 933 59 84 12 - info@ferreteriajulia.com - Gran variedad de productos","robots":{"index":"index","follow":"follow","max-snippet":"max-snippet:-1","max-image-preview":"max-image-preview:large","max-video-preview":"max-video-preview:-1"},"canonical":"https:\/\/ferreteriajulia.com\/tienda\/producto\/estuche-puntas-atornillar-32p\/","og_locale":"es_ES","og_type":"article","og_title":"estuche puntas atornillar 32p - Ferreter\u00eda Juli\u00e0","og_description":"estuche puntas atornillar 32p - Ferreter\u00eda Juli\u00e0 - Ferreter\u00eda Barcelona - 933 59 84 12 - info@ferreteriajulia.com - Gran variedad de productos","og_url":"https:\/\/ferreteriajulia.com\/tienda\/producto\/estuche-puntas-atornillar-32p\/","og_site_name":"Ferreter\u00eda Juli\u00e0","article_modified_time":"2023-11-22T15:35:20+00:00","og_image":[{"width":853,"height":768,"url":"https:\/\/ferreteriajulia.com\/tienda\/wp-content\/uploads\/2014\/10\/estuche-puntas-hikoki.png","type":"image\/png"}],"twitter_card":"summary_large_image","twitter_misc":{"Tiempo de lectura":"1 minuto"},"schema":{"@context":"https:\/\/schema.org","@graph":[{"@type":"WebPage","@id":"https:\/\/ferreteriajulia.com\/tienda\/producto\/estuche-puntas-atornillar-32p\/","url":"https:\/\/ferreteriajulia.com\/tienda\/producto\/estuche-puntas-atornillar-32p\/","name":"estuche puntas atornillar 32p - Ferreter\u00eda Juli\u00e0","isPartOf":{"@id":"https:\/\/ferreteriajulia.com\/tienda\/#website"},"primaryImageOfPage":{"@id":"https:\/\/ferreteriajulia.com\/tienda\/producto\/estuche-puntas-atornillar-32p\/#primaryimage"},"image":{"@id":"https:\/\/ferreteriajulia.com\/tienda\/producto\/estuche-puntas-atornillar-32p\/#primaryimage"},"thumbnailUrl":"https:\/\/ferreteriajulia.com\/tienda\/wp-content\/uploads\/2014\/10\/estuche-puntas-hikoki.png","datePublished":"2014-10-29T17:14:25+00:00","dateModified":"2023-11-22T15:35:20+00:00","description":"estuche puntas atornillar 32p - Ferreter\u00eda Juli\u00e0 - Ferreter\u00eda Barcelona - 933 59 84 12 - info@ferreteriajulia.com - Gran variedad de productos","breadcrumb":{"@id":"https:\/\/ferreteriajulia.com\/tienda\/producto\/estuche-puntas-atornillar-32p\/#breadcrumb"},"inLanguage":"es","potentialAction":[{"@type":"ReadAction","target":["https:\/\/ferreteriajulia.com\/tienda\/producto\/estuche-puntas-atornillar-32p\/"]}]},{"@type":"ImageObject","inLanguage":"es","@id":"https:\/\/ferreteriajulia.com\/tienda\/producto\/estuche-puntas-atornillar-32p\/#primaryimage","url":"https:\/\/ferreteriajulia.com\/tienda\/wp-content\/uploads\/2014\/10\/estuche-puntas-hikoki.png","contentUrl":"https:\/\/ferreteriajulia.com\/tienda\/wp-content\/uploads\/2014\/10\/estuche-puntas-hikoki.png","width":853,"height":768},{"@type":"BreadcrumbList","@id":"https:\/\/ferreteriajulia.com\/tienda\/producto\/estuche-puntas-atornillar-32p\/#breadcrumb","itemListElement":[{"@type":"ListItem","position":1,"name":"Portada","item":"https:\/\/ferreteriajulia.com\/tienda\/"},{"@type":"ListItem","position":2,"name":"Tienda online","item":"https:\/\/ferreteriajulia.com\/tienda\/shop\/"},{"@type":"ListItem","position":3,"name":"estuche puntas atornillar 32p"}]},{"@type":"WebSite","@id":"https:\/\/ferreteriajulia.com\/tienda\/#website","url":"https:\/\/ferreteriajulia.com\/tienda\/","name":"Ferreter\u00eda Juli\u00e0","description":"Ferreter\u00eda generalista, material para intalaciones y reparaciones.","publisher":{"@id":"https:\/\/ferreteriajulia.com\/tienda\/#organization"},"potentialAction":[{"@type":"SearchAction","target":{"@type":"EntryPoint","urlTemplate":"https:\/\/ferreteriajulia.com\/tienda\/?s={search_term_string}"},"query-input":{"@type":"PropertyValueSpecification","valueRequired":true,"valueName":"search_term_string"}}],"inLanguage":"es"},{"@type":"Organization","@id":"https:\/\/ferreteriajulia.com\/tienda\/#organization","name":"Ferreter\u00eda Juli\u00e0","url":"https:\/\/ferreteriajulia.com\/tienda\/","logo":{"@type":"ImageObject","inLanguage":"es","@id":"https:\/\/ferreteriajulia.com\/tienda\/#\/schema\/logo\/image\/","url":"https:\/\/ferreteriajulia.com\/tienda\/wp-content\/uploads\/2023\/04\/LOGO_Ferreteria_Julia_HD-e1680625558319.png","contentUrl":"https:\/\/ferreteriajulia.com\/tienda\/wp-content\/uploads\/2023\/04\/LOGO_Ferreteria_Julia_HD-e1680625558319.png","width":240,"height":89,"caption":"Ferreter\u00eda Juli\u00e0"},"image":{"@id":"https:\/\/ferreteriajulia.com\/tienda\/#\/schema\/logo\/image\/"}}]}},"_links":{"self":[{"href":"https:\/\/ferreteriajulia.com\/tienda\/wp-json\/wp\/v2\/product\/5154","targetHints":{"allow":["GET"]}}],"collection":[{"href":"https:\/\/ferreteriajulia.com\/tienda\/wp-json\/wp\/v2\/product"}],"about":[{"href":"https:\/\/ferreteriajulia.com\/tienda\/wp-json\/wp\/v2\/types\/product"}],"wp:featuredmedia":[{"embeddable":true,"href":"https:\/\/ferreteriajulia.com\/tienda\/wp-json\/wp\/v2\/media\/17565"}],"wp:attachment":[{"href":"https:\/\/ferreteriajulia.com\/tienda\/wp-json\/wp\/v2\/media?parent=5154"}],"wp:term":[{"taxonomy":"product_brand","embeddable":true,"href":"https:\/\/ferreteriajulia.com\/tienda\/wp-json\/wp\/v2\/product_brand?post=5154"},{"taxonomy":"product_cat","embeddable":true,"href":"https:\/\/ferreteriajulia.com\/tienda\/wp-json\/wp\/v2\/product_cat?post=5154"},{"taxonomy":"product_tag","embeddable":true,"href":"https:\/\/ferreteriajulia.com\/tienda\/wp-json\/wp\/v2\/product_tag?post=5154"}],"curies":[{"name":"wp","href":"https:\/\/api.w.org\/{rel}","templated":true}]}}